CRAN Package Check Results for Package ExomeDepth

Last updated on 2020-03-31 18:47:36 CEST.

Flavor Version Tinstall Tcheck Ttotal Status Flags
r-devel-linux-x86_64-debian-clang 1.1.15 38.99 291.54 330.53 OK
r-devel-linux-x86_64-debian-gcc 1.1.15 33.13 221.93 255.06 OK
r-devel-linux-x86_64-fedora-clang 1.1.15 416.32 OK
r-devel-linux-x86_64-fedora-gcc 1.1.15 401.86 OK
r-devel-windows-ix86+x86_64 1.1.15 32.00 7.00 39.00 ERROR
r-devel-windows-ix86+x86_64-gcc8 1.1.15 32.00 5.00 37.00 ERROR
r-patched-linux-x86_64 1.1.15 36.73 275.78 312.51 OK
r-patched-solaris-x86 1.1.15 622.20 OK
r-release-linux-x86_64 1.1.15 33.13 260.05 293.18 OK
r-release-windows-ix86+x86_64 1.1.15 118.00 438.00 556.00 OK
r-release-osx-x86_64 1.1.15 ERROR
r-oldrel-windows-ix86+x86_64 1.1.15 93.00 408.00 501.00 OK
r-oldrel-osx-x86_64 1.1.15 ERROR

Check Details

Version: 1.1.15
Check: whether package can be installed
Result: ERROR
    Installation failed.
Flavors: r-devel-windows-ix86+x86_64, r-devel-windows-ix86+x86_64-gcc8, r-release-osx-x86_64

Version: 1.1.15
Check: package dependencies
Result: ERROR
    Packages required but not available: ‘Rsamtools’ ‘GenomicAlignments’
    
    See section ‘The DESCRIPTION file’ in the ‘Writing R Extensions’
    manual.
Flavor: r-oldrel-osx-x86_64