CRAN Package Check Results for Package ExpDes

Last updated on 2024-04-16 06:11:03 CEST.

Flavor Version Tinstall Tcheck Ttotal Status Flags
r-devel-linux-x86_64-debian-clang 1.2.2 19.28 126.60 145.88 NOTE
r-devel-linux-x86_64-debian-gcc 1.2.2 16.00 89.48 105.48 NOTE
r-devel-linux-x86_64-fedora-clang 1.2.2 179.43 NOTE
r-devel-linux-x86_64-fedora-gcc 1.2.2 170.52 NOTE
r-prerel-macos-arm64 1.2.2 40.00 NOTE
r-prerel-windows-x86_64 1.2.2 18.00 96.00 114.00 NOTE
r-patched-linux-x86_64 1.2.2 23.03 114.69 137.72 NOTE
r-release-linux-x86_64 1.2.2 18.83 115.48 134.31 OK
r-release-macos-arm64 1.2.2 48.00 OK
r-release-macos-x86_64 1.2.2 79.00 OK
r-release-windows-x86_64 1.2.2 22.00 120.00 142.00 OK
r-oldrel-macos-arm64 1.2.2 39.00 OK
r-oldrel-windows-x86_64 1.2.2 32.00 124.00 156.00 OK

Check Details

Version: 1.2.2
Check: Rd files
Result: NOTE checkRd: (-1) ccF.Rd:41: Lost braces 41 | CALI\'{N}SKI, T.; CORSTEN, L. C. A. Clustering | ^ Flavors: r-devel-linux-x86_64-debian-clang, r-devel-linux-x86_64-debian-gcc, r-devel-linux-x86_64-fedora-clang, r-devel-linux-x86_64-fedora-gcc, r-prerel-macos-arm64, r-prerel-windows-x86_64, r-patched-linux-x86_64