Last updated on 2021-04-12 01:47:09 CEST.
Flavor | Version | Tinstall | Tcheck | Ttotal | Status | Flags |
---|---|---|---|---|---|---|
r-devel-linux-x86_64-debian-clang | 1.2.1 | 20.52 | 110.52 | 131.04 | OK | |
r-devel-linux-x86_64-debian-gcc | 1.2.1 | 15.90 | 80.21 | 96.11 | OK | |
r-devel-linux-x86_64-fedora-clang | 1.2.1 | 161.84 | OK | |||
r-devel-linux-x86_64-fedora-gcc | 1.2.1 | 153.62 | OK | |||
r-devel-windows-ix86+x86_64 | 1.2.1 | 31.00 | 131.00 | 162.00 | OK | |
r-devel-windows-x86_64-gcc10-UCRT | 1.2.1 | OK | ||||
r-patched-linux-x86_64 | 1.2.1 | 20.20 | 98.47 | 118.67 | OK | |
r-patched-solaris-x86 | 1.2.1 | 168.30 | OK | |||
r-release-linux-x86_64 | 1.2.1 | 18.68 | 100.18 | 118.86 | OK | |
r-release-macos-x86_64 | 1.2.1 | OK | ||||
r-release-windows-ix86+x86_64 | 1.2.1 | 25.00 | 87.00 | 112.00 | OK | |
r-oldrel-macos-x86_64 | 1.2.1 | ERROR | ||||
r-oldrel-windows-ix86+x86_64 | 1.2.0 | 29.00 | 132.00 | 161.00 | OK |
Version: 1.2.1
Check: whether package can be installed
Result: ERROR
Installation failed.
Flavor: r-oldrel-macos-x86_64