Last updated on 2023-03-29 17:50:08 CEST.
Flavor | Version | Tinstall | Tcheck | Ttotal | Status | Flags |
---|---|---|---|---|---|---|
r-devel-linux-x86_64-debian-clang | 0.1.0 | 4.08 | 45.13 | 49.21 | OK | |
r-devel-linux-x86_64-debian-gcc | 0.1.0 | 3.45 | 34.54 | 37.99 | OK | |
r-devel-linux-x86_64-fedora-clang | 0.1.0 | 63.48 | OK | |||
r-devel-linux-x86_64-fedora-gcc | 0.1.0 | 60.99 | OK | |||
r-devel-windows-x86_64 | 0.1.0 | 14.00 | 0.00 | 14.00 | OK | |
r-patched-linux-x86_64 | 0.1.0 | 4.08 | 42.21 | 46.29 | OK | |
r-release-linux-x86_64 | 0.1.0 | 2.69 | 46.72 | 49.41 | OK | |
r-release-macos-arm64 | 0.1.0 | 24.00 | OK | |||
r-release-macos-x86_64 | 0.1.0 | 31.00 | OK | |||
r-release-windows-x86_64 | 0.1.0 | 25.00 | 73.00 | 98.00 | OK | |
r-oldrel-macos-arm64 | 0.1.0 | 9.00 | ERROR | |||
r-oldrel-macos-x86_64 | 0.1.0 | 13.00 | ERROR | |||
r-oldrel-windows-ix86+x86_64 | 0.1.0 | 10.00 | 73.00 | 83.00 | OK |
Version: 0.1.0
Check: package dependencies
Result: ERROR
Package required and available but unsuitable version: ‘DESeq2’
See section ‘The DESCRIPTION file’ in the ‘Writing R Extensions’
manual.
Flavors: r-oldrel-macos-arm64, r-oldrel-macos-x86_64