CRAN Package Check Results for Package ExtractTrainData

Last updated on 2020-04-06 01:47:53 CEST.

Flavor Version Tinstall Tcheck Ttotal Status Flags
r-devel-linux-x86_64-debian-clang 5.0.3 8.54 77.31 85.85 OK
r-devel-linux-x86_64-debian-gcc 5.0.3 0.29 1.81 2.10 ERROR
r-devel-linux-x86_64-fedora-clang 5.0.3 106.02 OK
r-devel-linux-x86_64-fedora-gcc 5.0.3 107.48 OK
r-devel-windows-ix86+x86_64 5.0.3 18.00 75.00 93.00 OK
r-devel-windows-ix86+x86_64-gcc8 5.0.3 16.00 72.00 88.00 OK
r-patched-linux-x86_64 5.0.3 8.31 76.53 84.84 OK
r-patched-solaris-x86 5.0.3 190.60 OK
r-release-linux-x86_64 5.0.3 7.78 68.94 76.72 OK
r-release-windows-ix86+x86_64 5.0.3 17.00 106.00 123.00 OK
r-release-osx-x86_64 5.0.3 OK
r-oldrel-windows-ix86+x86_64 5.0.3 14.00 75.00 89.00 OK
r-oldrel-osx-x86_64 5.0.3 OK

Check Details

Version: 5.0.3
Check: whether package can be installed
Result: ERROR
    Installation failed.
Flavor: r-devel-linux-x86_64-debian-gcc