CRAN Package Check Results for Package ExtremeRisks

Last updated on 2022-10-07 23:52:33 CEST.

Flavor Version Tinstall Tcheck Ttotal Status Flags
r-devel-linux-x86_64-debian-clang 0.0.4 13.40 111.51 124.91 NOTE
r-devel-linux-x86_64-debian-gcc 0.0.4 11.30 86.06 97.36 NOTE
r-devel-linux-x86_64-fedora-clang 0.0.4 169.25 NOTE
r-devel-linux-x86_64-fedora-gcc 0.0.4 162.30 NOTE
r-devel-windows-x86_64 0.0.4 46.00 143.00 189.00 NOTE
r-patched-linux-x86_64 0.0.4 16.07 114.00 130.07 OK
r-release-linux-x86_64 0.0.4 15.88 110.29 126.17 OK
r-release-macos-arm64 0.0.4 60.00 OK
r-release-macos-x86_64 0.0.4 84.00 OK
r-release-windows-x86_64 0.0.4 36.00 144.00 180.00 OK
r-oldrel-macos-arm64 0.0.4 69.00 OK
r-oldrel-macos-x86_64 0.0.4 104.00 OK
r-oldrel-windows-ix86+x86_64 0.0.4 28.00 129.00 157.00 OK

Check Details

Version: 0.0.4
Check: Rd files
Result: NOTE
    checkRd: (-1) sp500.Rd:5: Escaped LaTeX specials: \&
Flavors: r-devel-linux-x86_64-debian-clang, r-devel-linux-x86_64-debian-gcc, r-devel-linux-x86_64-fedora-clang, r-devel-linux-x86_64-fedora-gcc, r-devel-windows-x86_64