CRAN Package Check Results for Package FACT

Last updated on 2024-06-15 05:49:10 CEST.

Flavor Version Tinstall Tcheck Ttotal Status Flags
r-devel-linux-x86_64-debian-clang 0.1.1 6.86 76.09 82.95 OK
r-devel-linux-x86_64-debian-gcc 0.1.1 6.39 56.27 62.66 OK
r-devel-linux-x86_64-fedora-clang 0.1.1 105.75 OK
r-devel-linux-x86_64-fedora-gcc 0.1.1 98.44 OK
r-devel-windows-x86_64 0.1.1 9.00 73.00 82.00 OK
r-patched-linux-x86_64 0.1.1 12.17 70.63 82.80 OK
r-release-linux-x86_64 0.1.1 7.19 72.72 79.91 OK
r-release-macos-arm64 0.1.1 31.00 OK
r-release-macos-x86_64 0.1.1 50.00 OK
r-release-windows-x86_64 0.1.1 10.00 35.00 45.00 ERROR
r-oldrel-macos-arm64 0.1.1 37.00 OK
r-oldrel-macos-x86_64 0.1.1 83.00 OK
r-oldrel-windows-x86_64 0.1.1 11.00 85.00 96.00 OK

Check Details

Version: 0.1.1
Check: whether the package can be loaded
Result: ERROR Loading this package had a fatal error status code 5 Flavor: r-release-windows-x86_64