CRAN Package Check Results for Package FAIRmaterials

Last updated on 2021-10-28 03:50:45 CEST.

Flavor Version Tinstall Tcheck Ttotal Status Flags
r-devel-linux-x86_64-debian-clang 0.0.2 3.53 41.67 45.20 OK
r-devel-linux-x86_64-debian-gcc 0.0.2 3.07 31.71 34.78 OK
r-devel-linux-x86_64-fedora-clang 0.0.2 63.64 NOTE
r-devel-linux-x86_64-fedora-gcc 0.0.2 52.60 NOTE
r-devel-windows-x86_64 0.0.2 8.00 61.00 69.00 OK
r-devel-windows-x86_64-gcc10-UCRT 0.0.2 NOTE
r-patched-linux-x86_64 0.0.2 3.66 39.13 42.79 OK
r-patched-solaris-x86 0.0.2 76.90 NOTE
r-release-linux-x86_64 0.0.2 3.39 38.75 42.14 OK
r-release-macos-arm64 0.0.2 NOTE
r-release-macos-x86_64 0.0.2 NOTE
r-release-windows-ix86+x86_64 0.0.2 8.00 61.00 69.00 OK
r-oldrel-macos-x86_64 0.0.2 NOTE
r-oldrel-windows-ix86+x86_64 0.0.2 8.00 58.00 66.00 OK

Check Details

Version: 0.0.2
Check: dependencies in R code
Result: NOTE
    Namespace in Imports field not imported from: ‘stringr’
     All declared Imports should be used.
Flavors: r-devel-linux-x86_64-fedora-clang, r-devel-linux-x86_64-fedora-gcc, r-devel-windows-x86_64-gcc10-UCRT, r-patched-solaris-x86, r-release-macos-arm64, r-release-macos-x86_64, r-oldrel-macos-x86_64