CRAN Package Check Results for Package FAIRmaterials

Last updated on 2022-08-18 00:54:14 CEST.

Flavor Version Tinstall Tcheck Ttotal Status Flags
r-devel-linux-x86_64-debian-clang 0.0.2 3.87 51.13 55.00 OK
r-devel-linux-x86_64-debian-gcc 0.0.2 OK
r-devel-linux-x86_64-fedora-clang 0.0.2 76.97 NOTE
r-devel-linux-x86_64-fedora-gcc 0.0.2 74.42 NOTE
r-devel-windows-x86_64 0.0.2 21.00 74.00 95.00 OK
r-patched-linux-x86_64 0.0.2 4.44 48.28 52.72 OK
r-release-linux-x86_64 0.0.2 2.94 48.23 51.17 OK
r-release-macos-arm64 0.0.2 22.00 NOTE
r-release-macos-x86_64 0.0.2 42.00 NOTE
r-release-windows-x86_64 0.0.2 18.00 75.00 93.00 OK
r-oldrel-macos-arm64 0.0.2 21.00 NOTE
r-oldrel-macos-x86_64 0.0.2 29.00 NOTE
r-oldrel-windows-ix86+x86_64 0.0.2 12.00 72.00 84.00 OK

Check Details

Version: 0.0.2
Check: dependencies in R code
Result: NOTE
    Namespace in Imports field not imported from: ‘stringr’
     All declared Imports should be used.
Flavors: r-devel-linux-x86_64-fedora-clang, r-devel-linux-x86_64-fedora-gcc, r-release-macos-arm64, r-release-macos-x86_64, r-oldrel-macos-arm64, r-oldrel-macos-x86_64