CRAN Package Check Results for Package FAMoS

Last updated on 2019-12-14 02:48:05 CET.

Flavor Version Tinstall Tcheck Ttotal Status Flags
r-devel-linux-x86_64-debian-clang 0.2.0 4.42 34.71 39.13 OK
r-devel-linux-x86_64-debian-gcc 0.2.0 3.10 26.79 29.89 OK
r-devel-linux-x86_64-fedora-clang 0.2.0 49.47 OK
r-devel-linux-x86_64-fedora-gcc 0.2.0 46.52 OK
r-devel-windows-ix86+x86_64 0.2.0 8.00 44.00 52.00 OK
r-devel-windows-ix86+x86_64-gcc8 0.2.0 8.00 68.00 76.00 OK
r-patched-linux-x86_64 0.2.0 3.35 31.46 34.81 OK
r-patched-solaris-x86 0.2.0 58.20 OK
r-release-linux-x86_64 0.2.0 3.45 31.56 35.01 OK
r-release-windows-ix86+x86_64 0.2.0 5.00 41.00 46.00 OK
r-release-osx-x86_64 0.2.0 OK
r-oldrel-windows-ix86+x86_64 0.1.0 5.00 52.00 57.00 OK
r-oldrel-osx-x86_64 0.2.0 ERROR

Check Details

Version: 0.2.0
Check: whether package can be installed
Result: ERROR
    Installation failed.
Flavor: r-oldrel-osx-x86_64