Last updated on 2023-01-30 12:55:17 CET.
Flavor | Version | Tinstall | Tcheck | Ttotal | Status | Flags |
---|---|---|---|---|---|---|
r-devel-linux-x86_64-debian-clang | 2.2.3 | 8.22 | 78.46 | 86.68 | OK | |
r-devel-linux-x86_64-debian-gcc | 2.2.3 | 6.46 | 57.57 | 64.03 | OK | |
r-devel-linux-x86_64-fedora-clang | 2.2.3 | 110.14 | NOTE | |||
r-devel-linux-x86_64-fedora-gcc | 2.2.3 | 115.20 | NOTE | |||
r-devel-windows-x86_64 | 2.2.3 | 31.00 | 126.00 | 157.00 | OK | |
r-patched-linux-x86_64 | 2.2.3 | 8.12 | 72.33 | 80.45 | OK | |
r-release-linux-x86_64 | 2.2.3 | 8.43 | 74.83 | 83.26 | OK | |
r-release-macos-arm64 | 2.2.3 | 35.00 | NOTE | |||
r-release-macos-x86_64 | 2.2.3 | 61.00 | NOTE | |||
r-release-windows-x86_64 | 2.2.3 | 27.00 | 130.00 | 157.00 | OK | |
r-oldrel-macos-arm64 | 2.2.3 | 34.00 | NOTE | |||
r-oldrel-macos-x86_64 | 2.2.3 | 46.00 | NOTE | |||
r-oldrel-windows-ix86+x86_64 | 2.2.3 | 20.00 | 115.00 | 135.00 | OK |
Version: 2.2.3
Check: data for non-ASCII characters
Result: NOTE
Note: found 179 marked UTF-8 strings
Flavors: r-devel-linux-x86_64-fedora-clang, r-devel-linux-x86_64-fedora-gcc, r-release-macos-arm64, r-release-macos-x86_64, r-oldrel-macos-arm64, r-oldrel-macos-x86_64