CRAN Package Check Results for Package FAmle

Last updated on 2022-10-07 14:00:12 CEST.

Flavor Version Tinstall Tcheck Ttotal Status Flags
r-devel-linux-x86_64-debian-clang 1.3.7 3.75 101.85 105.60 OK
r-devel-linux-x86_64-debian-gcc 1.3.7 2.74 72.85 75.59 NOTE
r-devel-linux-x86_64-fedora-clang 1.3.7 138.90 OK
r-devel-linux-x86_64-fedora-gcc 1.3.7 134.40 OK
r-devel-windows-x86_64 1.3.7 21.00 157.00 178.00 OK
r-patched-linux-x86_64 1.3.7 3.79 97.14 100.93 OK
r-release-linux-x86_64 1.3.7 3.15 96.98 100.13 OK
r-release-macos-arm64 1.3.7 45.00 OK
r-release-macos-x86_64 1.3.7 69.00 OK
r-release-windows-x86_64 1.3.7 12.00 144.00 156.00 OK
r-oldrel-macos-arm64 1.3.7 47.00 OK
r-oldrel-macos-x86_64 1.3.7 69.00 OK
r-oldrel-windows-ix86+x86_64 1.3.7 14.00 128.00 142.00 OK

Check Details

Version: 1.3.7
Check: compilation flags used
Result: NOTE
    Compilation used the following non-portable flag(s):
     ‘-Wstrict-prototypes’
Flavor: r-devel-linux-x86_64-debian-gcc