CRAN Package Check Results for Package FCGR

Last updated on 2019-03-23 03:53:22 CET.

Flavor Version Tinstall Tcheck Ttotal Status Flags
r-devel-linux-x86_64-debian-clang 1.0-0 4.02 27.51 31.53 OK
r-devel-linux-x86_64-debian-gcc 1.0-0 2.93 22.18 25.11 OK
r-devel-linux-x86_64-fedora-clang 1.0-0 38.21 OK
r-devel-linux-x86_64-fedora-gcc 1.0-0 37.13 OK
r-devel-windows-ix86+x86_64 1.0-0 9.00 43.00 52.00 OK
r-patched-linux-x86_64 1.0-0 2.72 26.22 28.94 OK
r-patched-solaris-x86 1.0-0 52.90 OK
r-release-linux-x86_64 1.0-0 0.30 1.90 2.20 ERROR
r-release-windows-ix86+x86_64 1.0-0 5.00 39.00 44.00 OK
r-release-osx-x86_64 1.0-0 OK
r-oldrel-windows-ix86+x86_64 1.0-0 8.00 53.00 61.00 OK
r-oldrel-osx-x86_64 1.0-0 OK

Check Details

Version: 1.0-0
Check: whether package can be installed
Result: ERROR
    Installation failed.
Flavor: r-release-linux-x86_64