CRAN Package Check Results for Package FCPS

Last updated on 2020-09-26 17:48:26 CEST.

Flavor Version Tinstall Tcheck Ttotal Status Flags
r-devel-linux-x86_64-debian-clang 1.2.4 13.80 161.54 175.34 OK
r-devel-linux-x86_64-debian-gcc 1.2.4 10.70 117.07 127.77 OK
r-devel-linux-x86_64-fedora-clang 1.2.4 234.50 NOTE
r-devel-linux-x86_64-fedora-gcc 1.2.4 230.90 OK
r-devel-windows-ix86+x86_64 1.2.4 24.00 217.00 241.00 NOTE
r-patched-linux-x86_64 1.2.4 12.56 153.29 165.85 OK
r-patched-solaris-x86 1.2.4 230.50 WARN
r-release-linux-x86_64 1.2.4 11.29 151.22 162.51 OK
r-release-macos-x86_64 1.2.4 WARN
r-release-windows-ix86+x86_64 1.2.4 28.00 228.00 256.00 NOTE
r-oldrel-macos-x86_64 1.2.4 WARN
r-oldrel-windows-ix86+x86_64 1.2.4 22.00 202.00 224.00 NOTE

Check Details

Version: 1.2.4
Check: installed package size
Result: NOTE
     installed size is 6.4Mb
     sub-directories of 1Mb or more:
     data 2.4Mb
     doc 3.5Mb
Flavors: r-devel-linux-x86_64-fedora-clang, r-devel-windows-ix86+x86_64, r-patched-solaris-x86, r-release-macos-x86_64, r-release-windows-ix86+x86_64, r-oldrel-macos-x86_64, r-oldrel-windows-ix86+x86_64

Version: 1.2.4
Check: re-building of vignette outputs
Result: WARN
    Error(s) in re-building vignettes:
     ...
    --- re-building ‘FCPS.Rmd’ using rmarkdown
    Warning in engine$weave(file, quiet = quiet, encoding = enc) :
     Pandoc (>= 1.12.3) and/or pandoc-citeproc not available. Falling back to R Markdown v1.
    Loading required namespace: smacof
    Loading required namespace: plotly
    Warning: `arrange_()` is deprecated as of dplyr 0.7.0.
    Please use `arrange()` instead.
    See vignette('programming') for more help
    This warning is displayed once every 8 hours.
    Call `lifecycle::last_warnings()` to see where this warning was generated.
    PhantomJS not found. You can install it with webshot::install_phantomjs(). If it is installed, please make sure the phantomjs executable can be found via the PATH variable.
    Warning in normalizePath(f2) :
     path[1]="webshote1610ba4da0.png": No such file or directory
    Warning in file(con, "rb") :
     cannot open file 'webshote1610ba4da0.png': No such file or directory
    Quitting from lines 26-31 (FCPS.Rmd)
    Error: processing vignette 'FCPS.Rmd' failed with diagnostics:
    cannot open the connection
    --- failed re-building ‘FCPS.Rmd’
    
    SUMMARY: processing the following file failed:
     ‘FCPS.Rmd’
    
    Error: Vignette re-building failed.
    Execution halted
Flavor: r-patched-solaris-x86

Version: 1.2.4
Check: re-building of vignette outputs
Result: WARN
    Error(s) in re-building vignettes:
    --- re-building ‘FCPS.Rmd’ using rmarkdown
    Warning in engine$weave(file, quiet = quiet, encoding = enc) :
     Pandoc (>= 1.12.3) and/or pandoc-citeproc not available. Falling back to R Markdown v1.
    Loading required namespace: smacof
    Loading required namespace: plotly
    Warning: `arrange_()` is deprecated as of dplyr 0.7.0.
    Please use `arrange()` instead.
    See vignette('programming') for more help
    This warning is displayed once every 8 hours.
    Call `lifecycle::last_warnings()` to see where this warning was generated.
    PhantomJS not found. You can install it with webshot::install_phantomjs(). If it is installed, please make sure the phantomjs executable can be found via the PATH variable.
    Warning in normalizePath(f2) :
     path[1]="webshot1142f6b26ffaf.png": No such file or directory
    Warning in file(con, "rb") :
     cannot open file 'webshot1142f6b26ffaf.png': No such file or directory
    Quitting from lines 26-31 (FCPS.Rmd)
    Error: processing vignette 'FCPS.Rmd' failed with diagnostics:
    cannot open the connection
    --- failed re-building ‘FCPS.Rmd’
    
    SUMMARY: processing the following file failed:
     ‘FCPS.Rmd’
    
    Error: Vignette re-building failed.
    Execution halted
Flavor: r-release-macos-x86_64

Version: 1.2.4
Check: re-building of vignette outputs
Result: WARN
    Error(s) in re-building vignettes:
    --- re-building ‘FCPS.Rmd’ using rmarkdown
    Warning in engine$weave(file, quiet = quiet, encoding = enc) :
     Pandoc (>= 1.12.3) and/or pandoc-citeproc not available. Falling back to R Markdown v1.
    Loading required namespace: smacof
    Loading required namespace: plotly
    Warning: `arrange_()` is deprecated as of dplyr 0.7.0.
    Please use `arrange()` instead.
    See vignette('programming') for more help
    This warning is displayed once every 8 hours.
    Call `lifecycle::last_warnings()` to see where this warning was generated.
    PhantomJS not found. You can install it with webshot::install_phantomjs(). If it is installed, please make sure the phantomjs executable can be found via the PATH variable.
    Warning in normalizePath(f2) :
     path[1]="webshot695d36e5ca09.png": No such file or directory
    Warning in file(con, "rb") :
     cannot open file 'webshot695d36e5ca09.png': No such file or directory
    Quitting from lines 26-31 (FCPS.Rmd)
    Error: processing vignette 'FCPS.Rmd' failed with diagnostics:
    cannot open the connection
    --- failed re-building ‘FCPS.Rmd’
    
    SUMMARY: processing the following file failed:
     ‘FCPS.Rmd’
    
    Error: Vignette re-building failed.
    Execution halted
Flavor: r-oldrel-macos-x86_64