CRAN Package Check Results for Package FCPS

Last updated on 2020-12-03 05:48:11 CET.

Flavor Version Tinstall Tcheck Ttotal Status Flags
r-devel-linux-x86_64-debian-clang 1.2.4 12.81 158.74 171.55 OK
r-devel-linux-x86_64-debian-gcc 1.2.4 11.28 116.80 128.08 OK
r-devel-linux-x86_64-fedora-clang 1.2.4 205.11 NOTE
r-devel-linux-x86_64-fedora-gcc 1.2.4 197.34 OK
r-devel-windows-ix86+x86_64 1.2.4 24.00 210.00 234.00 NOTE
r-patched-linux-x86_64 1.2.4 12.11 148.52 160.63 OK
r-patched-solaris-x86 1.2.4 233.50 WARN
r-release-linux-x86_64 1.2.4 11.10 146.07 157.17 OK
r-release-macos-x86_64 1.2.4 WARN
r-release-windows-ix86+x86_64 1.2.4 18.00 155.00 173.00 NOTE
r-oldrel-macos-x86_64 1.2.4 WARN
r-oldrel-windows-ix86+x86_64 1.2.4 30.00 205.00 235.00 NOTE

Check Details

Version: 1.2.4
Check: installed package size
Result: NOTE
     installed size is 6.4Mb
     sub-directories of 1Mb or more:
     data 2.4Mb
     doc 3.5Mb
Flavors: r-devel-linux-x86_64-fedora-clang, r-devel-windows-ix86+x86_64, r-patched-solaris-x86, r-release-macos-x86_64, r-release-windows-ix86+x86_64, r-oldrel-macos-x86_64, r-oldrel-windows-ix86+x86_64

Version: 1.2.4
Check: re-building of vignette outputs
Result: WARN
    Error(s) in re-building vignettes:
     ...
    --- re-building ‘FCPS.Rmd’ using rmarkdown
    Warning in engine$weave(file, quiet = quiet, encoding = enc) :
     Pandoc (>= 1.12.3) and/or pandoc-citeproc not available. Falling back to R Markdown v1.
    Loading required namespace: smacof
    Loading required namespace: plotly
    Warning: `arrange_()` is deprecated as of dplyr 0.7.0.
    Please use `arrange()` instead.
    See vignette('programming') for more help
    This warning is displayed once every 8 hours.
    Call `lifecycle::last_warnings()` to see where this warning was generated.
    PhantomJS not found. You can install it with webshot::install_phantomjs(). If it is installed, please make sure the phantomjs executable can be found via the PATH variable.
    Warning in normalizePath(f2) :
     path[1]="webshot47c12d9f445d.png": No such file or directory
    Warning in file(con, "rb") :
     cannot open file 'webshot47c12d9f445d.png': No such file or directory
    Quitting from lines 26-31 (FCPS.Rmd)
    Error: processing vignette 'FCPS.Rmd' failed with diagnostics:
    cannot open the connection
    --- failed re-building ‘FCPS.Rmd’
    
    SUMMARY: processing the following file failed:
     ‘FCPS.Rmd’
    
    Error: Vignette re-building failed.
    Execution halted
Flavor: r-patched-solaris-x86

Version: 1.2.4
Check: re-building of vignette outputs
Result: WARN
    Error(s) in re-building vignettes:
    --- re-building ‘FCPS.Rmd’ using rmarkdown
    Warning in engine$weave(file, quiet = quiet, encoding = enc) :
     Pandoc (>= 1.12.3) and/or pandoc-citeproc not available. Falling back to R Markdown v1.
    Loading required namespace: smacof
    Loading required namespace: plotly
    Warning: `arrange_()` is deprecated as of dplyr 0.7.0.
    Please use `arrange()` instead.
    See vignette('programming') for more help
    This warning is displayed once every 8 hours.
    Call `lifecycle::last_warnings()` to see where this warning was generated.
    PhantomJS not found. You can install it with webshot::install_phantomjs(). If it is installed, please make sure the phantomjs executable can be found via the PATH variable.
    Warning in normalizePath(f2) :
     path[1]="webshot1142f6b26ffaf.png": No such file or directory
    Warning in file(con, "rb") :
     cannot open file 'webshot1142f6b26ffaf.png': No such file or directory
    Quitting from lines 26-31 (FCPS.Rmd)
    Error: processing vignette 'FCPS.Rmd' failed with diagnostics:
    cannot open the connection
    --- failed re-building ‘FCPS.Rmd’
    
    SUMMARY: processing the following file failed:
     ‘FCPS.Rmd’
    
    Error: Vignette re-building failed.
    Execution halted
Flavor: r-release-macos-x86_64

Version: 1.2.4
Check: re-building of vignette outputs
Result: WARN
    Error(s) in re-building vignettes:
    --- re-building ‘FCPS.Rmd’ using rmarkdown
    Warning in engine$weave(file, quiet = quiet, encoding = enc) :
     Pandoc (>= 1.12.3) and/or pandoc-citeproc not available. Falling back to R Markdown v1.
    Loading required namespace: smacof
    Loading required namespace: plotly
    Warning: `arrange_()` is deprecated as of dplyr 0.7.0.
    Please use `arrange()` instead.
    See vignette('programming') for more help
    This warning is displayed once every 8 hours.
    Call `lifecycle::last_warnings()` to see where this warning was generated.
    PhantomJS not found. You can install it with webshot::install_phantomjs(). If it is installed, please make sure the phantomjs executable can be found via the PATH variable.
    Warning in normalizePath(f2) :
     path[1]="webshot695d36e5ca09.png": No such file or directory
    Warning in file(con, "rb") :
     cannot open file 'webshot695d36e5ca09.png': No such file or directory
    Quitting from lines 26-31 (FCPS.Rmd)
    Error: processing vignette 'FCPS.Rmd' failed with diagnostics:
    cannot open the connection
    --- failed re-building ‘FCPS.Rmd’
    
    SUMMARY: processing the following file failed:
     ‘FCPS.Rmd’
    
    Error: Vignette re-building failed.
    Execution halted
Flavor: r-oldrel-macos-x86_64