CRAN Package Check Results for Package FENmlm

Last updated on 2021-09-19 15:49:12 CEST.

Flavor Version Tinstall Tcheck Ttotal Status Flags
r-devel-linux-x86_64-debian-clang 2.4.3 48.12 68.67 116.79 OK
r-devel-linux-x86_64-debian-gcc 2.4.3 35.22 50.63 85.85 OK
r-devel-linux-x86_64-fedora-clang 2.4.3 164.17 OK
r-devel-linux-x86_64-fedora-gcc 2.4.3 140.45 OK
r-devel-windows-x86_64 2.4.3 49.00 92.00 141.00 OK
r-devel-windows-x86_64-gcc10-UCRT 2.4.3 ERROR
r-patched-linux-x86_64 2.4.3 39.99 65.66 105.65 OK
r-patched-solaris-x86 2.4.3 162.90 OK
r-release-linux-x86_64 2.4.3 38.32 64.01 102.33 OK
r-release-macos-arm64 2.4.3 OK
r-release-macos-x86_64 2.4.3 OK
r-release-windows-ix86+x86_64 2.4.3 108.00 128.00 236.00 OK
r-oldrel-macos-x86_64 2.4.3 OK
r-oldrel-windows-ix86+x86_64 2.4.3 103.00 131.00 234.00 OK

Check Details

Version: 2.4.3
Check: whether package can be installed
Result: ERROR
    Installation failed.
Flavor: r-devel-windows-x86_64-gcc10-UCRT