CRAN Package Check Results for Package FFTrees

Last updated on 2020-01-21 09:48:50 CET.

Flavor Version Tinstall Tcheck Ttotal Status Flags
r-devel-linux-x86_64-debian-clang 1.4.0 19.28 272.50 291.78 OK
r-devel-linux-x86_64-debian-gcc 1.4.0 19.18 204.92 224.10 OK
r-devel-linux-x86_64-fedora-clang 1.4.0 346.71 NOTE
r-devel-linux-x86_64-fedora-gcc 1.4.0 353.46 NOTE
r-devel-windows-ix86+x86_64 1.4.0 74.00 370.00 444.00 NOTE
r-devel-windows-ix86+x86_64-gcc8 1.4.0 48.00 277.00 325.00 NOTE
r-patched-linux-x86_64 1.4.0 18.24 242.21 260.45 OK
r-patched-solaris-x86 1.4.0 458.50 NOTE
r-release-linux-x86_64 1.4.0 19.85 242.21 262.06 OK
r-release-windows-ix86+x86_64 1.4.0 34.00 238.00 272.00 NOTE
r-release-osx-x86_64 1.4.0 NOTE
r-oldrel-windows-ix86+x86_64 1.4.0 27.00 199.00 226.00 NOTE
r-oldrel-osx-x86_64 1.4.0 NOTE

Check Details

Version: 1.4.0
Check: installed package size
Result: NOTE
     installed size is 5.9Mb
     sub-directories of 1Mb or more:
     doc 4.6Mb
Flavors: r-devel-linux-x86_64-fedora-clang, r-devel-windows-ix86+x86_64, r-devel-windows-ix86+x86_64-gcc8, r-patched-solaris-x86, r-release-windows-ix86+x86_64, r-release-osx-x86_64, r-oldrel-windows-ix86+x86_64, r-oldrel-osx-x86_64

Version: 1.4.0
Check: dependencies in R code
Result: NOTE
    Namespace in Imports field not imported from: ‘pROC’
     All declared Imports should be used.
Flavors: r-devel-linux-x86_64-fedora-clang, r-devel-linux-x86_64-fedora-gcc, r-patched-solaris-x86, r-release-osx-x86_64, r-oldrel-osx-x86_64