CRAN Package Check Results for Package FFTrees

Last updated on 2019-08-24 15:46:47 CEST.

Flavor Version Tinstall Tcheck Ttotal Status Flags
r-devel-linux-x86_64-debian-clang 1.4.0 19.42 242.82 262.24 OK
r-devel-linux-x86_64-debian-gcc 1.4.0 16.34 191.67 208.01 OK
r-devel-linux-x86_64-fedora-clang 1.4.0 318.91 NOTE
r-devel-linux-x86_64-fedora-gcc 1.4.0 313.07 NOTE
r-devel-windows-ix86+x86_64 1.4.0 44.00 240.00 284.00 NOTE
r-patched-linux-x86_64 1.4.0 17.75 241.33 259.08 OK
r-patched-solaris-x86 1.4.0 437.00 NOTE
r-release-linux-x86_64 1.4.0 18.46 238.00 256.46 OK
r-release-windows-ix86+x86_64 1.4.0 49.00 340.00 389.00 NOTE
r-release-osx-x86_64 1.4.0 NOTE
r-oldrel-windows-ix86+x86_64 1.4.0 33.00 304.00 337.00 NOTE
r-oldrel-osx-x86_64 1.4.0 NOTE

Check Details

Version: 1.4.0
Check: installed package size
Result: NOTE
     installed size is 5.9Mb
     sub-directories of 1Mb or more:
     doc 4.6Mb
Flavors: r-devel-linux-x86_64-fedora-clang, r-devel-windows-ix86+x86_64, r-patched-solaris-x86, r-release-windows-ix86+x86_64, r-release-osx-x86_64, r-oldrel-windows-ix86+x86_64, r-oldrel-osx-x86_64

Version: 1.4.0
Check: dependencies in R code
Result: NOTE
    Namespace in Imports field not imported from: ‘pROC’
     All declared Imports should be used.
Flavors: r-devel-linux-x86_64-fedora-clang, r-devel-linux-x86_64-fedora-gcc, r-patched-solaris-x86, r-release-osx-x86_64, r-oldrel-osx-x86_64