Last updated on 2021-04-17 17:47:39 CEST.
Flavor | Version | Tinstall | Tcheck | Ttotal | Status | Flags |
---|---|---|---|---|---|---|
r-devel-linux-x86_64-debian-clang | 1.0.5 | 3.37 | 33.89 | 37.26 | NOTE | |
r-devel-linux-x86_64-debian-gcc | 1.0.5 | 2.95 | 26.56 | 29.51 | NOTE | |
r-devel-linux-x86_64-fedora-clang | 1.0.5 | 54.30 | NOTE | |||
r-devel-linux-x86_64-fedora-gcc | 1.0.5 | 43.45 | NOTE | |||
r-devel-windows-ix86+x86_64 | 1.0.5 | 10.00 | 54.00 | 64.00 | NOTE | |
r-devel-windows-x86_64-gcc10-UCRT | 1.0.5 | NOTE | ||||
r-patched-linux-x86_64 | 1.0.5 | 3.89 | 32.71 | 36.60 | OK | |
r-patched-solaris-x86 | 1.0.5 | 72.20 | OK | |||
r-release-linux-x86_64 | 1.0.5 | 3.51 | 32.42 | 35.93 | OK | |
r-release-macos-x86_64 | 1.0.5 | OK | ||||
r-release-windows-ix86+x86_64 | 1.0.5 | 19.00 | 55.00 | 74.00 | OK | |
r-oldrel-macos-x86_64 | 1.0.5 | OK | ||||
r-oldrel-windows-ix86+x86_64 | 1.0.5 | 6.00 | 50.00 | 56.00 | OK |
Version: 1.0.5
Check: LazyData
Result: NOTE
'LazyData' is specified without a 'data' directory
Flavors: r-devel-linux-x86_64-debian-clang, r-devel-linux-x86_64-debian-gcc, r-devel-linux-x86_64-fedora-clang, r-devel-linux-x86_64-fedora-gcc, r-devel-windows-ix86+x86_64, r-devel-windows-x86_64-gcc10-UCRT