CRAN Package Check Results for Package FGSG

Last updated on 2020-09-30 21:49:17 CEST.

Flavor Version Tinstall Tcheck Ttotal Status Flags
r-devel-linux-x86_64-debian-clang 1.0.2 6.23 20.46 26.69 OK
r-devel-linux-x86_64-debian-gcc 1.0.2 3.70 16.35 20.05 OK
r-devel-linux-x86_64-fedora-clang 1.0.2 42.82 NOTE
r-devel-linux-x86_64-fedora-gcc 1.0.2 31.86 NOTE
r-devel-windows-ix86+x86_64 1.0.2 12.00 39.00 51.00 WARN
r-patched-linux-x86_64 1.0.2 4.35 19.89 24.24 OK
r-patched-solaris-x86 1.0.2 47.90 OK
r-release-linux-x86_64 1.0.2 4.35 19.99 24.34 OK
r-release-macos-x86_64 1.0.2 OK
r-release-windows-ix86+x86_64 1.0.2 11.00 34.00 45.00 WARN
r-oldrel-macos-x86_64 1.0.2 OK
r-oldrel-windows-ix86+x86_64 1.0.2 14.00 49.00 63.00 OK

Check Details

Version: 1.0.2
Check: compiled code
Result: NOTE
    File ‘FGSG/libs/FGSG.so’:
     Found no calls to: ‘R_registerRoutines’, ‘R_useDynamicSymbols’
    
    It is good practice to register native routines and to disable symbol
    search.
    
    See ‘Writing portable packages’ in the ‘Writing R Extensions’ manual.
Flavors: r-devel-linux-x86_64-fedora-clang, r-devel-linux-x86_64-fedora-gcc

Version: 1.0.2
Check: whether package can be installed
Result: WARN
    Found the following significant warnings:
     fgsg.h:96:61: warning: passing argument 8 of 'dpotrs_' from incompatible pointer type [-Wincompatible-pointer-types]
     fgsg.h:202:41: warning: passing argument 5 of 'dpotrf_' from incompatible pointer type [-Wincompatible-pointer-types]
     fgsg.h:347:41: warning: passing argument 5 of 'dpotrf_' from incompatible pointer type [-Wincompatible-pointer-types]
     fgsg.h:460:41: warning: passing argument 5 of 'dpotrf_' from incompatible pointer type [-Wincompatible-pointer-types]
     fgsg.h:516:61: warning: passing argument 8 of 'dpotrs_' from incompatible pointer type [-Wincompatible-pointer-types]
     fgsg.h:636:41: warning: passing argument 5 of 'dpotrf_' from incompatible pointer type [-Wincompatible-pointer-types]
     fgsg.h:717:41: warning: passing argument 5 of 'dpotrf_' from incompatible pointer type [-Wincompatible-pointer-types]
     fgsg.h:852:41: warning: passing argument 5 of 'dpotrf_' from incompatible pointer type [-Wincompatible-pointer-types]
     fgsg.h:996:41: warning: passing argument 5 of 'dpotrf_' from incompatible pointer type [-Wincompatible-pointer-types]
Flavors: r-devel-windows-ix86+x86_64, r-release-windows-ix86+x86_64