CRAN Package Check Results for Package FGSG

Last updated on 2021-04-16 12:55:06 CEST.

Flavor Version Tinstall Tcheck Ttotal Status Flags
r-devel-linux-x86_64-debian-clang 1.0.2 6.38 22.83 29.21 OK
r-devel-linux-x86_64-debian-gcc 1.0.2 3.56 17.94 21.50 OK
r-devel-linux-x86_64-fedora-clang 1.0.2 46.00 NOTE
r-devel-linux-x86_64-fedora-gcc 1.0.2 33.33 NOTE
r-devel-windows-ix86+x86_64 1.0.2 12.00 41.00 53.00 WARN
r-devel-windows-x86_64-gcc10-UCRT 1.0.2 WARN
r-patched-linux-x86_64 1.0.2 4.11 22.02 26.13 OK
r-patched-solaris-x86 1.0.2 53.70 OK
r-release-linux-x86_64 1.0.2 4.21 21.93 26.14 OK
r-release-macos-x86_64 1.0.2 OK
r-release-windows-ix86+x86_64 1.0.2 10.00 38.00 48.00 WARN
r-oldrel-macos-x86_64 1.0.2 OK
r-oldrel-windows-ix86+x86_64 1.0.2 14.00 49.00 63.00 OK

Check Details

Version: 1.0.2
Check: compiled code
Result: NOTE
    File ‘FGSG/libs/FGSG.so’:
     Found no calls to: ‘R_registerRoutines’, ‘R_useDynamicSymbols’
    
    It is good practice to register native routines and to disable symbol
    search.
    
    See ‘Writing portable packages’ in the ‘Writing R Extensions’ manual.
Flavors: r-devel-linux-x86_64-fedora-clang, r-devel-linux-x86_64-fedora-gcc

Version: 1.0.2
Check: whether package can be installed
Result: WARN
    Found the following significant warnings:
     fgsg.h:96:61: warning: passing argument 8 of 'dpotrs_' from incompatible pointer type [-Wincompatible-pointer-types]
     fgsg.h:202:41: warning: passing argument 5 of 'dpotrf_' from incompatible pointer type [-Wincompatible-pointer-types]
     fgsg.h:347:41: warning: passing argument 5 of 'dpotrf_' from incompatible pointer type [-Wincompatible-pointer-types]
     fgsg.h:460:41: warning: passing argument 5 of 'dpotrf_' from incompatible pointer type [-Wincompatible-pointer-types]
     fgsg.h:516:61: warning: passing argument 8 of 'dpotrs_' from incompatible pointer type [-Wincompatible-pointer-types]
     fgsg.h:636:41: warning: passing argument 5 of 'dpotrf_' from incompatible pointer type [-Wincompatible-pointer-types]
     fgsg.h:717:41: warning: passing argument 5 of 'dpotrf_' from incompatible pointer type [-Wincompatible-pointer-types]
     fgsg.h:852:41: warning: passing argument 5 of 'dpotrf_' from incompatible pointer type [-Wincompatible-pointer-types]
     fgsg.h:996:41: warning: passing argument 5 of 'dpotrf_' from incompatible pointer type [-Wincompatible-pointer-types]
Flavors: r-devel-windows-ix86+x86_64, r-devel-windows-x86_64-gcc10-UCRT, r-release-windows-ix86+x86_64