CRAN Package Check Results for Package FHtest

Last updated on 2021-11-29 15:51:12 CET.

Flavor Version Tinstall Tcheck Ttotal Status Flags
r-devel-linux-x86_64-debian-clang 1.5 7.74 76.60 84.34 OK
r-devel-linux-x86_64-debian-gcc 1.5 6.17 60.26 66.43 OK
r-devel-linux-x86_64-fedora-clang 1.5 113.73 NOTE
r-devel-linux-x86_64-fedora-gcc 1.5 102.12 OK
r-devel-windows-x86_64-new-UL 1.5 17.00 116.00 133.00 OK
r-devel-windows-x86_64-new-TK 1.5 OK
r-devel-windows-x86_64-old 1.5 13.00 81.00 94.00 OK
r-patched-linux-x86_64 1.5 9.51 75.62 85.13 OK
r-patched-solaris-x86 1.5 162.60 OK
r-release-linux-x86_64 1.5 8.11 75.36 83.47 OK
r-release-macos-arm64 1.5 OK
r-release-macos-x86_64 1.5 OK
r-release-windows-ix86+x86_64 1.5 19.00 80.00 99.00 OK
r-oldrel-macos-x86_64 1.5 OK
r-oldrel-windows-ix86+x86_64 1.5 13.00 101.00 114.00 OK

Check Details

Version: 1.5
Check: Rd cross-references
Result: NOTE
    Undeclared packages ‘MLEcens’, ‘Icens’ in Rd xrefs
Flavor: r-devel-linux-x86_64-fedora-clang