CRAN Package Check Results for Package FIESTAutils

Last updated on 2022-07-04 01:50:08 CEST.

Flavor Version Tinstall Tcheck Ttotal Status Flags
r-devel-linux-x86_64-debian-clang 1.1.2 57.36 116.99 174.35 OK
r-devel-linux-x86_64-debian-gcc 1.1.2 48.49 86.10 134.59 OK
r-devel-linux-x86_64-fedora-clang 1.1.2 233.65 NOTE
r-devel-linux-x86_64-fedora-gcc 1.1.2 222.09 OK
r-devel-windows-x86_64 1.1.2 101.00 149.00 250.00 OK
r-patched-linux-x86_64 1.1.2 58.11 113.77 171.88 OK
r-release-linux-x86_64 1.1.2 52.86 112.20 165.06 OK
r-release-macos-arm64 1.1.2 58.00 NOTE
r-release-macos-x86_64 1.1.2 75.00 NOTE
r-release-windows-x86_64 1.1.2 152.00 149.00 301.00 OK
r-oldrel-macos-arm64 1.1.2 47.00 NOTE
r-oldrel-macos-x86_64 1.1.2 71.00 NOTE
r-oldrel-windows-ix86+x86_64 1.1.2 129.00 176.00 305.00 NOTE

Check Details

Version: 1.1.2
Check: installed package size
Result: NOTE
     installed size is 6.2Mb
     sub-directories of 1Mb or more:
     data 3.1Mb
     libs 2.5Mb
Flavors: r-devel-linux-x86_64-fedora-clang, r-release-macos-arm64, r-release-macos-x86_64, r-oldrel-macos-arm64, r-oldrel-macos-x86_64, r-oldrel-windows-ix86+x86_64