CRAN Package Check Results for Package FILEST

Last updated on 2021-05-05 23:48:35 CEST.

Flavor Version Tinstall Tcheck Ttotal Status Flags
r-devel-linux-x86_64-debian-clang 1.1.2 8.87 74.84 83.71 NOTE
r-devel-linux-x86_64-debian-gcc 1.1.2 6.26 56.10 62.36 NOTE
r-devel-linux-x86_64-fedora-clang 1.1.2 107.14 NOTE
r-devel-linux-x86_64-fedora-gcc 1.1.2 95.82 NOTE
r-devel-windows-ix86+x86_64 1.1.2 12.00 96.00 108.00 NOTE
r-devel-windows-x86_64-gcc10-UCRT 1.1.2 NOTE
r-patched-linux-x86_64 1.1.2 8.53 70.07 78.60 NOTE
r-patched-solaris-x86 1.1.2 149.10 OK
r-release-linux-x86_64 1.1.2 5.67 67.65 73.32 OK
r-release-macos-x86_64 1.1.2 OK
r-release-windows-ix86+x86_64 1.1.2 13.00 70.00 83.00 OK
r-oldrel-macos-x86_64 1.1.2 OK
r-oldrel-windows-ix86+x86_64 1.1.2 15.00 90.00 105.00 OK

Check Details

Version: 1.1.2
Check: LazyData
Result: NOTE
     'LazyData' is specified without a 'data' directory
Flavors: r-devel-linux-x86_64-debian-clang, r-devel-linux-x86_64-debian-gcc, r-devel-linux-x86_64-fedora-clang, r-devel-linux-x86_64-fedora-gcc, r-devel-windows-ix86+x86_64, r-devel-windows-x86_64-gcc10-UCRT, r-patched-linux-x86_64