CRAN Package Check Results for Package FKF.SP

Last updated on 2021-10-25 06:54:33 CEST.

Flavor Version Tinstall Tcheck Ttotal Status Flags
r-devel-linux-x86_64-debian-clang 0.1.2 3.15 48.30 51.45 OK
r-devel-linux-x86_64-debian-gcc 0.1.2 2.12 38.75 40.87 OK
r-devel-linux-x86_64-fedora-clang 0.1.2 73.43 NOTE
r-devel-linux-x86_64-fedora-gcc 0.1.2 63.67 NOTE
r-devel-windows-x86_64 0.1.2 6.00 67.00 73.00 OK
r-devel-windows-x86_64-gcc10-UCRT 0.1.2 NOTE
r-patched-linux-x86_64 0.1.2 2.96 45.83 48.79 OK
r-patched-solaris-x86 0.1.2 48.00 NOTE
r-release-linux-x86_64 0.1.2 2.82 46.30 49.12 OK
r-release-macos-arm64 0.1.2 NOTE
r-release-macos-x86_64 0.1.2 NOTE
r-release-windows-ix86+x86_64 0.1.2 8.00 73.00 81.00 OK
r-oldrel-macos-x86_64 0.1.2 NOTE
r-oldrel-windows-ix86+x86_64 0.1.2 9.00 69.00 78.00 OK

Check Details

Version: 0.1.2
Check: dependencies in R code
Result: NOTE
    Namespaces in Imports field not imported from:
     ‘Rdpack’ ‘curl’ ‘mathjaxr’
     All declared Imports should be used.
Flavors: r-devel-linux-x86_64-fedora-clang, r-devel-linux-x86_64-fedora-gcc, r-devel-windows-x86_64-gcc10-UCRT, r-patched-solaris-x86, r-release-macos-arm64, r-release-macos-x86_64, r-oldrel-macos-x86_64