CRAN Package Check Results for Package FKSUM

Last updated on 2021-08-04 01:50:31 CEST.

Flavor Version Tinstall Tcheck Ttotal Status Flags
r-devel-linux-x86_64-debian-clang 0.1.4 51.96 80.95 132.91 NOTE
r-devel-linux-x86_64-debian-gcc 0.1.4 33.84 61.30 95.14 NOTE
r-devel-linux-x86_64-fedora-clang 0.1.4 177.08 NOTE
r-devel-linux-x86_64-fedora-gcc 0.1.4 158.71 NOTE
r-devel-windows-x86_64 0.1.4 47.00 116.00 163.00 NOTE
r-devel-windows-x86_64-gcc10-UCRT 0.1.4 NOTE
r-patched-linux-x86_64 0.1.4 42.15 77.25 119.40 NOTE
r-patched-solaris-x86 0.1.4 191.00 NOTE
r-release-linux-x86_64 0.1.4 39.21 76.96 116.17 NOTE
r-release-macos-arm64 0.1.4 NOTE
r-release-macos-x86_64 0.1.4 NOTE
r-release-windows-ix86+x86_64 0.1.4 122.00 122.00 244.00 NOTE
r-oldrel-macos-x86_64 0.1.4 OK
r-oldrel-windows-ix86+x86_64 0.1.4 93.00 161.00 254.00 OK

Check Details

Version: 0.1.4
Check: LazyData
Result: NOTE
     'LazyData' is specified without a 'data' directory
Flavors: r-devel-linux-x86_64-debian-clang, r-devel-linux-x86_64-debian-gcc, r-devel-linux-x86_64-fedora-clang, r-devel-linux-x86_64-fedora-gcc, r-devel-windows-x86_64, r-devel-windows-x86_64-gcc10-UCRT, r-patched-linux-x86_64, r-patched-solaris-x86, r-release-linux-x86_64, r-release-macos-arm64, r-release-macos-x86_64, r-release-windows-ix86+x86_64