Last updated on 2023-09-24 05:53:10 CEST.
Flavor | Version | Tinstall | Tcheck | Ttotal | Status | Flags |
---|---|---|---|---|---|---|
r-devel-linux-x86_64-debian-clang | 0.2.0 | 84.29 | 908.58 | 992.87 | OK | |
r-devel-linux-x86_64-debian-gcc | 0.2.0 | 52.50 | 383.00 | 435.50 | OK | |
r-devel-linux-x86_64-fedora-clang | 0.2.0 | 816.94 | OK | |||
r-devel-linux-x86_64-fedora-gcc | 0.2.0 | 699.53 | OK | |||
r-devel-windows-x86_64 | 0.2.0 | 51.00 | 397.00 | 448.00 | OK | |
r-patched-linux-x86_64 | 0.2.0 | 62.21 | 474.62 | 536.83 | OK | |
r-release-linux-x86_64 | 0.2.0 | 49.33 | 470.19 | 519.52 | OK | |
r-release-macos-arm64 | 0.2.0 | 186.00 | NOTE | |||
r-release-macos-x86_64 | 0.2.0 | 546.00 | NOTE | |||
r-release-windows-x86_64 | 0.2.0 | 72.00 | 444.00 | 516.00 | OK | |
r-oldrel-macos-arm64 | 0.2.0 | 212.00 | NOTE | |||
r-oldrel-macos-x86_64 | 0.2.0 | 268.00 | NOTE | |||
r-oldrel-windows-x86_64 | 0.2.0 | 72.00 | 440.00 | 512.00 | OK |
Version: 0.2.0
Check: installed package size
Result: NOTE
installed size is 5.3Mb
sub-directories of 1Mb or more:
libs 4.2Mb
Flavors: r-release-macos-arm64, r-release-macos-x86_64, r-oldrel-macos-arm64, r-oldrel-macos-x86_64