CRAN Package Check Results for Package FLR

Last updated on 2024-02-29 02:51:29 CET.

Flavor Version Tinstall Tcheck Ttotal Status Flags
r-devel-linux-x86_64-debian-clang 1.0 2.79 25.10 27.89 NOTE
r-devel-linux-x86_64-debian-gcc 1.0 2.25 19.44 21.69 NOTE
r-devel-linux-x86_64-fedora-clang 1.0 35.44 NOTE
r-devel-linux-x86_64-fedora-gcc 1.0 33.09 NOTE
r-devel-windows-x86_64 1.0 4.00 42.00 46.00 NOTE
r-patched-linux-x86_64 1.0 3.15 24.20 27.35 NOTE
r-release-linux-x86_64 1.0 2.74 24.50 27.24 NOTE
r-release-macos-arm64 1.0 17.00 NOTE
r-release-macos-x86_64 1.0 20.00 NOTE
r-release-windows-x86_64 1.0 4.00 49.00 53.00 NOTE
r-oldrel-macos-arm64 1.0 16.00 NOTE
r-oldrel-windows-x86_64 1.0 6.00 50.00 56.00 NOTE

Check Details

Version: 1.0
Check: DESCRIPTION meta-information
Result: NOTE Malformed Description field: should contain one or more complete sentences. Flavors: r-devel-linux-x86_64-debian-clang, r-devel-linux-x86_64-debian-gcc, r-devel-linux-x86_64-fedora-clang, r-devel-linux-x86_64-fedora-gcc, r-devel-windows-x86_64, r-patched-linux-x86_64, r-release-linux-x86_64, r-release-macos-arm64, r-release-macos-x86_64, r-release-windows-x86_64, r-oldrel-macos-arm64, r-oldrel-windows-x86_64