CRAN Package Check Results for Package FLR

Last updated on 2021-12-03 01:50:58 CET.

Flavor Version Tinstall Tcheck Ttotal Status Flags
r-devel-linux-x86_64-debian-clang 1.0 2.81 23.52 26.33 NOTE
r-devel-linux-x86_64-debian-gcc 1.0 1.73 18.60 20.33 NOTE
r-devel-linux-x86_64-fedora-clang 1.0 42.96 NOTE
r-devel-linux-x86_64-fedora-gcc 1.0 31.88 NOTE
r-devel-windows-x86_64-new-UL 1.0 7.00 58.00 65.00 NOTE
r-devel-windows-x86_64-new-TK 1.0 NOTE
r-devel-windows-x86_64-old 1.0 4.00 30.00 34.00 NOTE
r-patched-linux-x86_64 1.0 2.78 22.66 25.44 NOTE
r-patched-solaris-x86 1.0 47.00 NOTE
r-release-linux-x86_64 1.0 2.36 22.33 24.69 NOTE
r-release-macos-arm64 1.0 NOTE
r-release-macos-x86_64 1.0 NOTE
r-release-windows-ix86+x86_64 1.0 5.00 42.00 47.00 NOTE
r-oldrel-macos-x86_64 1.0 NOTE
r-oldrel-windows-ix86+x86_64 1.0 4.00 37.00 41.00 NOTE

Check Details

Version: 1.0
Check: DESCRIPTION meta-information
Result: NOTE
    Malformed Description field: should contain one or more complete sentences.
Flavors: r-devel-linux-x86_64-debian-clang, r-devel-linux-x86_64-debian-gcc, r-devel-linux-x86_64-fedora-clang, r-devel-linux-x86_64-fedora-gcc, r-devel-windows-x86_64-new-UL, r-devel-windows-x86_64-new-TK, r-devel-windows-x86_64-old, r-patched-linux-x86_64, r-patched-solaris-x86, r-release-linux-x86_64, r-release-macos-arm64, r-release-macos-x86_64, r-release-windows-ix86+x86_64, r-oldrel-macos-x86_64, r-oldrel-windows-ix86+x86_64