Last updated on 2022-07-06 23:10:14 CEST.
Flavor | Version | Tinstall | Tcheck | Ttotal | Status | Flags |
---|---|---|---|---|---|---|
r-devel-linux-x86_64-debian-clang | 0.5.2 | 9.08 | 250.49 | 259.57 | OK | |
r-devel-linux-x86_64-debian-gcc | 0.5.2 | 8.17 | 180.71 | 188.88 | OK | |
r-devel-linux-x86_64-fedora-clang | 0.5.2 | 343.29 | NOTE | |||
r-devel-linux-x86_64-fedora-gcc | 0.5.2 | 338.54 | NOTE | |||
r-devel-windows-x86_64 | 0.5.2 | 40.00 | 334.00 | 374.00 | OK | |
r-patched-linux-x86_64 | 0.5.2 | 7.88 | 236.98 | 244.86 | OK | |
r-release-linux-x86_64 | 0.5.2 | 6.15 | 236.53 | 242.68 | OK | |
r-release-macos-arm64 | 0.5.2 | 89.00 | NOTE | |||
r-release-macos-x86_64 | 0.5.2 | 140.00 | NOTE | |||
r-release-windows-x86_64 | 0.5.2 | 36.00 | 324.00 | 360.00 | OK | |
r-oldrel-macos-arm64 | 0.5.2 | 76.00 | NOTE | |||
r-oldrel-macos-x86_64 | 0.5.2 | 110.00 | NOTE | |||
r-oldrel-windows-ix86+x86_64 | 0.5.2 | 20.00 | 323.00 | 343.00 | OK |
Version: 0.5.2
Check: dependencies in R code
Result: NOTE
Namespace in Imports field not imported from: ‘rgdal’
All declared Imports should be used.
Flavors: r-devel-linux-x86_64-fedora-clang, r-devel-linux-x86_64-fedora-gcc, r-release-macos-arm64, r-release-macos-x86_64, r-oldrel-macos-arm64, r-oldrel-macos-x86_64