CRAN Package Check Results for Package FME

Last updated on 2022-07-06 05:54:01 CEST.

Flavor Version Tinstall Tcheck Ttotal Status Flags
r-devel-linux-x86_64-debian-clang 1.3.6.2 7.14 221.38 228.52 NOTE
r-devel-linux-x86_64-debian-gcc 1.3.6.2 6.22 163.16 169.38 NOTE
r-devel-linux-x86_64-fedora-clang 1.3.6.2 288.47 NOTE
r-devel-linux-x86_64-fedora-gcc 1.3.6.2 292.48 NOTE
r-devel-windows-x86_64 1.3.6.2 26.00 370.00 396.00 NOTE
r-patched-linux-x86_64 1.3.6.2 8.30 214.47 222.77 OK
r-release-linux-x86_64 1.3.6.2 6.74 214.49 221.23 OK
r-release-macos-arm64 1.3.6.2 108.00 OK
r-release-macos-x86_64 1.3.6.2 154.00 OK
r-release-windows-x86_64 1.3.6.2 31.00 382.00 413.00 OK
r-oldrel-macos-arm64 1.3.6.2 132.00 OK
r-oldrel-macos-x86_64 1.3.6.2 176.00 OK
r-oldrel-windows-ix86+x86_64 1.3.6.2 21.00 345.00 366.00 OK

Check Details

Version: 1.3.6.2
Check: Rd files
Result: NOTE
    checkRd: (-1) pseudoOptim.Rd:27: Escaped LaTeX specials: \$
Flavors: r-devel-linux-x86_64-debian-clang, r-devel-linux-x86_64-debian-gcc, r-devel-linux-x86_64-fedora-clang, r-devel-linux-x86_64-fedora-gcc, r-devel-windows-x86_64