CRAN Package Check Results for Package FNN

Last updated on 2021-09-20 15:52:43 CEST.

Flavor Version Tinstall Tcheck Ttotal Status Flags
r-devel-linux-x86_64-debian-clang 1.1.3 45.51 26.05 71.56 OK
r-devel-linux-x86_64-debian-gcc 1.1.3 23.66 20.28 43.94 OK
r-devel-linux-x86_64-fedora-clang 1.1.3 121.67 OK
r-devel-linux-x86_64-fedora-gcc 1.1.3 77.07 OK
r-devel-windows-x86_64 1.1.3 44.00 39.00 83.00 OK
r-devel-windows-x86_64-gcc10-UCRT 1.1.3 ERROR
r-patched-linux-x86_64 1.1.3 31.68 24.78 56.46 OK
r-patched-solaris-x86 1.1.3 123.20 OK
r-release-linux-x86_64 1.1.3 31.31 25.24 56.55 OK
r-release-macos-arm64 1.1.3 OK
r-release-macos-x86_64 1.1.3 OK
r-release-windows-ix86+x86_64 1.1.3 98.00 62.00 160.00 OK
r-oldrel-macos-x86_64 1.1.3 OK
r-oldrel-windows-ix86+x86_64 1.1.3 97.00 48.00 145.00 OK

Check Details

Version: 1.1.3
Check: whether package can be installed
Result: ERROR
    Installation failed.
Flavor: r-devel-windows-x86_64-gcc10-UCRT