CRAN Package Check Results for Package FREEtree

Last updated on 2021-10-20 11:52:45 CEST.

Flavor Version Tinstall Tcheck Ttotal Status Flags
r-devel-linux-x86_64-debian-clang 0.1.0 28.01 300.17 328.18 OK
r-devel-linux-x86_64-debian-gcc 0.1.0 24.84 230.26 255.10 OK
r-devel-linux-x86_64-fedora-clang 0.1.0 403.32 NOTE
r-devel-linux-x86_64-fedora-gcc 0.1.0 387.18 NOTE
r-devel-windows-x86_64 0.1.0 44.00 326.00 370.00 OK
r-devel-windows-x86_64-gcc10-UCRT 0.1.0 NOTE
r-patched-linux-x86_64 0.1.0 29.27 284.01 313.28 OK
r-patched-solaris-x86 0.1.0 568.60 NOTE
r-release-linux-x86_64 0.1.0 26.99 285.80 312.79 OK
r-release-macos-arm64 0.1.0 NOTE
r-release-macos-x86_64 0.1.0 ERROR
r-release-windows-ix86+x86_64 0.1.0 61.00 322.00 383.00 OK
r-oldrel-macos-x86_64 0.1.0 NOTE
r-oldrel-windows-ix86+x86_64 0.1.0 61.00 300.00 361.00 OK

Check Details

Version: 0.1.0
Check: dependencies in R code
Result: NOTE
    Namespace in Imports field not imported from: ‘MASS’
     All declared Imports should be used.
Flavors: r-devel-linux-x86_64-fedora-clang, r-devel-linux-x86_64-fedora-gcc, r-devel-windows-x86_64-gcc10-UCRT, r-patched-solaris-x86, r-release-macos-arm64, r-oldrel-macos-x86_64

Version: 0.1.0
Check: package dependencies
Result: ERROR
    Package required but not available: ‘WGCNA’
    
    See section ‘The DESCRIPTION file’ in the ‘Writing R Extensions’
    manual.
Flavor: r-release-macos-x86_64