Last updated on 2022-06-30 11:53:08 CEST.
Flavor | Version | Tinstall | Tcheck | Ttotal | Status | Flags |
---|---|---|---|---|---|---|
r-devel-linux-x86_64-debian-clang | 1.1 | 26.19 | 90.69 | 116.88 | OK | |
r-devel-linux-x86_64-debian-gcc | 1.1 | 25.73 | 71.67 | 97.40 | OK | |
r-devel-linux-x86_64-fedora-clang | 1.1 | 165.27 | OK | |||
r-devel-linux-x86_64-fedora-gcc | 1.1 | 174.45 | OK | |||
r-devel-windows-x86_64 | 1.1 | 33.00 | 118.00 | 151.00 | OK | |
r-patched-linux-x86_64 | 1.1 | 30.95 | 89.83 | 120.78 | OK | |
r-release-linux-x86_64 | 1.1 | 24.16 | 89.65 | 113.81 | OK | |
r-release-macos-arm64 | 1.1 | 51.00 | OK | |||
r-release-macos-x86_64 | 1.1 | 77.00 | OK | |||
r-release-windows-x86_64 | 1.1 | 36.00 | 122.00 | 158.00 | OK | |
r-oldrel-macos-arm64 | 1.1 | 50.00 | OK | |||
r-oldrel-macos-x86_64 | 1.1 | 72.00 | OK | |||
r-oldrel-windows-ix86+x86_64 | 1.1 | 32.00 | 25.00 | 57.00 | ERROR |
Version: 1.1
Check: whether package can be installed
Result: ERROR
Installation failed.
Flavor: r-oldrel-windows-ix86+x86_64