CRAN Package Check Results for Package FSA

Last updated on 2019-10-24 04:47:46 CEST.

Flavor Version Tinstall Tcheck Ttotal Status Flags
r-devel-linux-x86_64-debian-clang 0.8.25 13.66 125.18 138.84 OK
r-devel-linux-x86_64-debian-gcc 0.8.25 12.45 92.56 105.01 OK
r-devel-linux-x86_64-fedora-clang 0.8.25 168.84 OK
r-devel-linux-x86_64-fedora-gcc 0.8.25 161.98 OK
r-devel-windows-ix86+x86_64 0.8.25 22.00 141.00 163.00 OK
r-patched-linux-x86_64 0.8.25 12.05 123.20 135.25 OK
r-patched-solaris-x86 0.8.25 206.40 NOTE
r-release-linux-x86_64 0.8.25 14.49 125.03 139.52 OK
r-release-windows-ix86+x86_64 0.8.25 35.00 164.00 199.00 OK
r-release-osx-x86_64 0.8.25 OK
r-oldrel-windows-ix86+x86_64 0.8.25 27.00 178.00 205.00 OK
r-oldrel-osx-x86_64 0.8.25 OK

Check Details

Version: 0.8.25
Check: Rd cross-references
Result: NOTE
    Package unavailable to check Rd xrefs: ‘RMark’
Flavor: r-patched-solaris-x86