CRAN Package Check Results for Package FSA

Last updated on 2019-07-19 12:55:22 CEST.

Flavor Version Tinstall Tcheck Ttotal Status Flags
r-devel-linux-x86_64-debian-clang 0.8.24 13.39 125.46 138.85 OK
r-devel-linux-x86_64-debian-gcc 0.8.24 10.68 93.85 104.53 OK
r-devel-linux-x86_64-fedora-clang 0.8.24 172.91 OK
r-devel-linux-x86_64-fedora-gcc 0.8.24 165.89 OK
r-devel-windows-ix86+x86_64 0.8.24 31.00 180.00 211.00 OK
r-patched-linux-x86_64 0.8.24 15.09 126.56 141.65 OK
r-patched-solaris-x86 0.8.24 187.90 NOTE
r-release-linux-x86_64 0.8.24 12.01 124.66 136.67 OK
r-release-windows-ix86+x86_64 0.8.24 18.00 129.00 147.00 OK
r-release-osx-x86_64 0.8.24 OK
r-oldrel-windows-ix86+x86_64 0.8.24 18.00 122.00 140.00 OK
r-oldrel-osx-x86_64 0.8.24 OK

Check Details

Version: 0.8.24
Check: Rd cross-references
Result: NOTE
    Package unavailable to check Rd xrefs: ‘RMark’
Flavor: r-patched-solaris-x86