Last updated on 2023-10-02 16:05:09 CEST.
Flavor | Version | Tinstall | Tcheck | Ttotal | Status | Flags |
---|---|---|---|---|---|---|
r-devel-linux-x86_64-debian-clang | 1.0 | 5.55 | 56.41 | 61.96 | NOTE | |
r-devel-linux-x86_64-debian-gcc | 1.0 | 4.78 | 42.59 | 47.37 | NOTE | |
r-devel-linux-x86_64-fedora-clang | 1.0 | 77.40 | NOTE | |||
r-devel-linux-x86_64-fedora-gcc | 1.0 | 73.37 | NOTE | |||
r-devel-windows-x86_64 | 1.0 | 7.00 | 65.00 | 72.00 | NOTE | |
r-patched-linux-x86_64 | 1.0 | 3.88 | 54.45 | 58.33 | OK | |
r-release-linux-x86_64 | 1.0 | 4.88 | 54.25 | 59.13 | OK | |
r-release-macos-arm64 | 1.0 | 28.00 | OK | |||
r-release-macos-x86_64 | 1.0 | 40.00 | OK | |||
r-release-windows-x86_64 | 1.0 | 8.00 | 71.00 | 79.00 | OK | |
r-oldrel-macos-arm64 | 1.0 | 23.00 | OK | |||
r-oldrel-macos-x86_64 | 1.0 | 44.00 | OK | |||
r-oldrel-windows-x86_64 | 1.0 | 8.00 | 74.00 | 82.00 | OK |
Version: 1.0
Check: Rd \usage sections
Result: NOTE
Documented arguments not in \usage in documentation object 'imp_small_gaps_WMA':
‘Data’ ‘univariate’
Functions with \usage entries need to have the appropriate \alias
entries, and all their arguments documented.
The \usage entries must correspond to syntactically valid R code.
See chapter ‘Writing R documentation files’ in the ‘Writing R
Extensions’ manual.
Flavors: r-devel-linux-x86_64-debian-clang, r-devel-linux-x86_64-debian-gcc, r-devel-linux-x86_64-fedora-clang, r-devel-linux-x86_64-fedora-gcc, r-devel-windows-x86_64