CRAN Package Check Results for Package FSelectorRcpp

Last updated on 2022-01-24 17:49:55 CET.

Flavor Version Tinstall Tcheck Ttotal Status Flags
r-devel-linux-x86_64-debian-clang 0.3.8 99.31 79.04 178.35 NOTE
r-devel-linux-x86_64-debian-gcc 0.3.8 77.62 60.33 137.95 NOTE
r-devel-linux-x86_64-fedora-clang 0.3.8 258.85 NOTE
r-devel-linux-x86_64-fedora-gcc 0.3.8 235.63 NOTE
r-devel-windows-x86_64-new-UL 0.3.8 151.00 159.00 310.00 NOTE
r-devel-windows-x86_64-new-TK 0.3.8 NOTE
r-patched-linux-x86_64 0.3.8 94.16 68.20 162.36 NOTE
r-release-linux-x86_64 0.3.8 94.35 69.16 163.51 NOTE
r-release-macos-arm64 0.3.8 NOTE
r-release-macos-x86_64 0.3.8 NOTE
r-release-windows-ix86+x86_64 0.3.8 237.00 139.00 376.00 NOTE
r-oldrel-macos-x86_64 0.3.8 NOTE
r-oldrel-windows-ix86+x86_64 0.3.8 237.00 136.00 373.00 OK

Check Details

Version: 0.3.8
Check: LazyData
Result: NOTE
     'LazyData' is specified without a 'data' directory
Flavors: r-devel-linux-x86_64-debian-clang, r-devel-linux-x86_64-debian-gcc, r-devel-linux-x86_64-fedora-clang, r-devel-linux-x86_64-fedora-gcc, r-devel-windows-x86_64-new-UL, r-devel-windows-x86_64-new-TK, r-patched-linux-x86_64, r-release-linux-x86_64, r-release-macos-arm64, r-release-macos-x86_64, r-release-windows-ix86+x86_64

Version: 0.3.8
Check: installed package size
Result: NOTE
     installed size is 8.8Mb
     sub-directories of 1Mb or more:
     libs 8.3Mb
Flavors: r-devel-linux-x86_64-fedora-clang, r-release-macos-arm64, r-release-macos-x86_64, r-oldrel-macos-x86_64

Version: 0.3.8
Check: package dependencies
Result: NOTE
    Package suggested but not available for checking: 'RTCGA.rnaseq'
Flavors: r-devel-windows-x86_64-new-TK, r-release-macos-arm64, r-release-macos-x86_64, r-oldrel-macos-x86_64