CRAN Package Check Results for Package FacPad

Last updated on 2020-03-30 09:51:27 CEST.

Flavor Version Tinstall Tcheck Ttotal Status Flags
r-devel-linux-x86_64-debian-clang 3.0 2.72 36.26 38.98 NOTE
r-devel-linux-x86_64-debian-gcc 3.0 2.02 27.17 29.19 NOTE
r-devel-linux-x86_64-fedora-clang 3.0 47.63 NOTE
r-devel-linux-x86_64-fedora-gcc 3.0 45.52 NOTE
r-devel-windows-ix86+x86_64 3.0 8.00 47.00 55.00 NOTE
r-devel-windows-ix86+x86_64-gcc8 3.0 8.00 48.00 56.00 NOTE
r-patched-linux-x86_64 3.0 2.40 34.63 37.03 NOTE
r-patched-solaris-x86 3.0 63.50 NOTE
r-release-linux-x86_64 3.0 2.15 32.45 34.60 NOTE
r-release-windows-ix86+x86_64 3.0 12.00 51.00 63.00 NOTE
r-release-osx-x86_64 3.0 NOTE
r-oldrel-windows-ix86+x86_64 3.0 8.00 66.00 74.00 NOTE
r-oldrel-osx-x86_64 3.0 NOTE

Check Details

Version: 3.0
Check: R code for possible problems
Result: NOTE
    gibbs2: no visible global function definition for 'rnorm'
    gibbs_sampling: no visible global function definition for 'rnorm'
    Undefined global functions or variables:
     rnorm
    Consider adding
     importFrom("stats", "rnorm")
    to your NAMESPACE file.
Flavors: r-devel-linux-x86_64-debian-clang, r-devel-linux-x86_64-debian-gcc, r-devel-linux-x86_64-fedora-clang, r-devel-linux-x86_64-fedora-gcc, r-devel-windows-ix86+x86_64, r-devel-windows-ix86+x86_64-gcc8, r-patched-linux-x86_64, r-patched-solaris-x86, r-release-linux-x86_64, r-release-windows-ix86+x86_64, r-release-osx-x86_64, r-oldrel-windows-ix86+x86_64, r-oldrel-osx-x86_64

Version: 3.0
Check: for non-standard things in the check directory
Result: NOTE
    Found the following files/directories:
     'test_30iter.RData' 'test_50iter.RData' 'test_v2_50iter.RData'
Flavors: r-devel-linux-x86_64-debian-clang, r-devel-linux-x86_64-debian-gcc, r-devel-linux-x86_64-fedora-clang, r-devel-linux-x86_64-fedora-gcc, r-patched-linux-x86_64, r-patched-solaris-x86