CRAN Package Check Results for Package FacPad

Last updated on 2018-12-16 07:46:58 CET.

Flavor Version Tinstall Tcheck Ttotal Status Flags
r-devel-linux-x86_64-debian-clang 3.0 1.40 33.16 34.56 NOTE
r-devel-linux-x86_64-debian-gcc 3.0 1.26 25.15 26.41 NOTE
r-devel-linux-x86_64-fedora-clang 3.0 37.66 NOTE
r-devel-linux-x86_64-fedora-gcc 3.0 37.50 NOTE
r-devel-windows-ix86+x86_64 3.0 4.00 64.00 68.00 NOTE
r-patched-linux-x86_64 3.0 1.29 30.10 31.39 NOTE
r-patched-solaris-x86 3.0 53.20 NOTE
r-release-linux-x86_64 3.0 1.42 30.60 32.02 NOTE
r-release-windows-ix86+x86_64 3.0 4.00 63.00 67.00 NOTE
r-release-osx-x86_64 3.0 NOTE
r-oldrel-windows-ix86+x86_64 3.0 7.00 58.00 65.00 NOTE
r-oldrel-osx-x86_64 3.0 NOTE

Check Details

Version: 3.0
Check: R code for possible problems
Result: NOTE
    gibbs2: no visible global function definition for ‘rnorm’
    gibbs_sampling: no visible global function definition for ‘rnorm’
    Undefined global functions or variables:
     rnorm
    Consider adding
     importFrom("stats", "rnorm")
    to your NAMESPACE file.
Flavors: r-devel-linux-x86_64-debian-clang, r-devel-linux-x86_64-debian-gcc, r-devel-linux-x86_64-fedora-clang, r-devel-linux-x86_64-fedora-gcc, r-devel-windows-ix86+x86_64, r-patched-linux-x86_64, r-patched-solaris-x86, r-release-linux-x86_64, r-release-windows-ix86+x86_64, r-release-osx-x86_64, r-oldrel-windows-ix86+x86_64, r-oldrel-osx-x86_64