CRAN Package Check Results for Package FacPad

Last updated on 2018-01-19 00:47:20 CET.

Flavor Version Tinstall Tcheck Ttotal Status Flags
r-devel-linux-x86_64-debian-clang 3.0 0.93 31.55 32.48 NOTE
r-devel-linux-x86_64-debian-gcc 3.0 0.76 25.08 25.84 NOTE
r-devel-linux-x86_64-fedora-clang 3.0 43.61 NOTE
r-devel-linux-x86_64-fedora-gcc 3.0 39.20 NOTE
r-devel-windows-ix86+x86_64 3.0 6.00 67.00 73.00 NOTE
r-patched-linux-x86_64 3.0 1.22 30.28 31.50 NOTE
r-patched-solaris-x86 3.0 49.90 NOTE
r-release-linux-x86_64 3.0 1.06 30.30 31.36 NOTE
r-release-windows-ix86+x86_64 3.0 3.00 76.00 79.00 NOTE
r-release-osx-x86_64 3.0 NOTE
r-oldrel-windows-ix86+x86_64 3.0 5.00 58.00 63.00 NOTE
r-oldrel-osx-x86_64 3.0 NOTE

Check Details

Version: 3.0
Check: R code for possible problems
Result: NOTE
    gibbs2: no visible global function definition for ‘rnorm’
    gibbs_sampling: no visible global function definition for ‘rnorm’
    Undefined global functions or variables:
     rnorm
    Consider adding
     importFrom("stats", "rnorm")
    to your NAMESPACE file.
Flavors: r-devel-linux-x86_64-debian-clang, r-devel-linux-x86_64-debian-gcc, r-devel-linux-x86_64-fedora-clang, r-devel-linux-x86_64-fedora-gcc, r-devel-windows-ix86+x86_64, r-patched-linux-x86_64, r-patched-solaris-x86, r-release-linux-x86_64, r-release-windows-ix86+x86_64, r-release-osx-x86_64, r-oldrel-windows-ix86+x86_64, r-oldrel-osx-x86_64