CRAN Package Check Results for Package FactMixtAnalysis

Last updated on 2021-09-18 15:52:23 CEST.

Flavor Version Tinstall Tcheck Ttotal Status Flags
r-devel-linux-x86_64-debian-clang 1.0 2.79 27.80 30.59 NOTE
r-devel-linux-x86_64-debian-gcc 1.0 2.04 21.11 23.15 NOTE
r-devel-linux-x86_64-fedora-clang 1.0 45.23 NOTE
r-devel-linux-x86_64-fedora-gcc 1.0 33.77 NOTE
r-devel-windows-x86_64 1.0 4.00 35.00 39.00 NOTE
r-devel-windows-x86_64-gcc10-UCRT 1.0 NOTE
r-patched-linux-x86_64 1.0 2.65 26.49 29.14 NOTE
r-patched-solaris-x86 1.0 50.50 NOTE
r-release-linux-x86_64 1.0 2.37 26.65 29.02 NOTE
r-release-macos-arm64 1.0 NOTE
r-release-macos-x86_64 1.0 NOTE
r-release-windows-ix86+x86_64 1.0 6.00 46.00 52.00 NOTE
r-oldrel-macos-x86_64 1.0 NOTE
r-oldrel-windows-ix86+x86_64 1.0 5.00 33.00 38.00 NOTE

Check Details

Version: 1.0
Check: DESCRIPTION meta-information
Result: NOTE
    Malformed Description field: should contain one or more complete sentences.
Flavors: r-devel-linux-x86_64-debian-clang, r-devel-linux-x86_64-debian-gcc, r-devel-linux-x86_64-fedora-clang, r-devel-linux-x86_64-fedora-gcc, r-devel-windows-x86_64, r-devel-windows-x86_64-gcc10-UCRT, r-patched-linux-x86_64, r-patched-solaris-x86, r-release-linux-x86_64, r-release-macos-arm64, r-release-macos-x86_64, r-release-windows-ix86+x86_64, r-oldrel-macos-x86_64, r-oldrel-windows-ix86+x86_64

Version: 1.0
Check: R code for possible problems
Result: NOTE
    fma: no visible global function definition for 'factanal'
    fma: no visible global function definition for 'runif'
    fma: no visible global function definition for 'kmeans'
    fma: no visible global function definition for 'var'
    fma.em.alg: no visible global function definition for 'var'
    misc : q: no visible global function definition for 'name'
    Undefined global functions or variables:
     factanal kmeans name runif var
    Consider adding
     importFrom("stats", "factanal", "kmeans", "runif", "var")
    to your NAMESPACE file.
Flavors: r-devel-linux-x86_64-debian-clang, r-devel-linux-x86_64-debian-gcc, r-devel-linux-x86_64-fedora-clang, r-devel-linux-x86_64-fedora-gcc, r-devel-windows-x86_64, r-devel-windows-x86_64-gcc10-UCRT, r-patched-linux-x86_64, r-patched-solaris-x86, r-release-linux-x86_64, r-release-macos-arm64, r-release-macos-x86_64, r-release-windows-ix86+x86_64, r-oldrel-macos-x86_64, r-oldrel-windows-ix86+x86_64

Version: 1.0
Check: Rd line widths
Result: NOTE
    Rd file 'fma.Rd':
     \usage lines wider than 90 characters:
     fma(y, k, r, x.z = NULL, x.w = NULL, it = 15, eps = 1e-04, seed = 4, scaling = FALSE, init = NULL)
    
    These lines will be truncated in the PDF manual.
Flavors: r-devel-linux-x86_64-debian-clang, r-devel-linux-x86_64-debian-gcc, r-devel-linux-x86_64-fedora-clang, r-devel-linux-x86_64-fedora-gcc, r-patched-linux-x86_64, r-release-linux-x86_64