CRAN Package Check Results for Package FactoClass

Last updated on 2020-01-26 17:49:42 CET.

Flavor Version Tinstall Tcheck Ttotal Status Flags
r-devel-linux-x86_64-debian-clang 1.2.7 9.81 57.09 66.90 NOTE
r-devel-linux-x86_64-debian-gcc 1.2.7 7.34 44.00 51.34 NOTE
r-devel-linux-x86_64-fedora-clang 1.2.7 82.82 NOTE
r-devel-linux-x86_64-fedora-gcc 1.2.7 76.91 NOTE
r-devel-windows-ix86+x86_64 1.2.7 23.00 129.00 152.00 OK
r-devel-windows-ix86+x86_64-gcc8 1.2.7 31.00 98.00 129.00 OK
r-patched-linux-x86_64 1.2.7 7.64 51.40 59.04 OK
r-patched-solaris-x86 1.2.7 99.30 OK
r-release-linux-x86_64 1.2.7 8.29 50.53 58.82 OK
r-release-windows-ix86+x86_64 1.2.7 17.00 90.00 107.00 OK
r-release-osx-x86_64 1.2.7 OK
r-oldrel-windows-ix86+x86_64 1.2.7 14.00 74.00 88.00 OK
r-oldrel-osx-x86_64 1.2.7 OK

Check Details

Version: 1.2.7
Check: for non-standard things in the check directory
Result: NOTE
    Found the following files/directories:
     'Bogota.tex' 'DogBreeds1.tex'
Flavors: r-devel-linux-x86_64-debian-clang, r-devel-linux-x86_64-debian-gcc, r-devel-linux-x86_64-fedora-clang, r-devel-linux-x86_64-fedora-gcc