CRAN Package Check Results for Package FactoClass

Last updated on 2020-10-01 03:48:35 CEST.

Flavor Version Tinstall Tcheck Ttotal Status Flags
r-devel-linux-x86_64-debian-clang 1.2.7 9.33 64.84 74.17 NOTE
r-devel-linux-x86_64-debian-gcc 1.2.7 0.32 2.09 2.41 ERROR
r-devel-linux-x86_64-fedora-clang 1.2.7 96.98 NOTE
r-devel-linux-x86_64-fedora-gcc 1.2.7 89.05 NOTE
r-devel-windows-ix86+x86_64 1.2.7 23.00 115.00 138.00 OK
r-patched-linux-x86_64 1.2.7 8.87 59.58 68.45 NOTE
r-patched-solaris-x86 1.2.7 113.50 NOTE
r-release-linux-x86_64 1.2.7 9.26 58.95 68.21 NOTE
r-release-macos-x86_64 1.2.7 OK
r-release-windows-ix86+x86_64 1.2.7 23.00 113.00 136.00 OK
r-oldrel-macos-x86_64 1.2.7 OK
r-oldrel-windows-ix86+x86_64 1.2.7 20.00 111.00 131.00 OK

Check Details

Version: 1.2.7
Check: for non-standard things in the check directory
Result: NOTE
    Found the following files/directories:
     'Bogota.tex' 'DogBreeds1.tex'
Flavors: r-devel-linux-x86_64-debian-clang, r-devel-linux-x86_64-fedora-clang, r-devel-linux-x86_64-fedora-gcc, r-patched-linux-x86_64, r-patched-solaris-x86, r-release-linux-x86_64

Version: 1.2.7
Check: whether package can be installed
Result: ERROR
    Installation failed.
Flavor: r-devel-linux-x86_64-debian-gcc