CRAN Package Check Results for Package FactoMineR

Last updated on 2022-01-24 17:49:54 CET.

Flavor Version Tinstall Tcheck Ttotal Status Flags
r-devel-linux-x86_64-debian-clang 2.4 36.92 230.03 266.95 OK
r-devel-linux-x86_64-debian-gcc 2.4 29.81 167.46 197.27 OK
r-devel-linux-x86_64-fedora-clang 2.4 320.88 OK
r-devel-linux-x86_64-fedora-gcc 2.4 308.77 OK
r-devel-windows-x86_64-new-UL 2.4 132.00 244.00 376.00 OK
r-devel-windows-x86_64-new-TK 2.4 ERROR
r-patched-linux-x86_64 2.4 35.58 214.89 250.47 OK
r-release-linux-x86_64 2.4 32.18 219.19 251.37 OK
r-release-macos-arm64 2.4 OK
r-release-macos-x86_64 2.4 OK
r-release-windows-ix86+x86_64 2.4 63.00 238.00 301.00 OK
r-oldrel-macos-x86_64 2.4 OK
r-oldrel-windows-ix86+x86_64 2.4 65.00 235.00 300.00 OK

Check Details

Version: 2.4
Check: package dependencies
Result: ERROR
    Package required but not available: 'car'
    
    Packages suggested but not available for checking: 'missMDA', 'Factoshiny'
    
    See section 'The DESCRIPTION file' in the 'Writing R Extensions'
    manual.
Flavor: r-devel-windows-x86_64-new-TK