CRAN Package Check Results for Package FactorsR

Last updated on 2021-01-23 21:49:41 CET.

Flavor Version Tinstall Tcheck Ttotal Status Flags
r-devel-linux-x86_64-debian-clang 1.4 3.73 35.71 39.44 OK
r-devel-linux-x86_64-debian-gcc 1.4 2.89 28.11 31.00 OK
r-devel-linux-x86_64-fedora-clang 1.4 58.07 NOTE
r-devel-linux-x86_64-fedora-gcc 1.4 45.79 NOTE
r-devel-windows-ix86+x86_64 1.4 7.00 50.00 57.00 OK
r-patched-linux-x86_64 1.4 3.44 35.60 39.04 OK
r-patched-solaris-x86 1.4 66.70 NOTE
r-release-linux-x86_64 1.4 3.25 34.55 37.80 OK
r-release-macos-x86_64 1.4 NOTE
r-release-windows-ix86+x86_64 1.4 6.00 56.00 62.00 OK
r-oldrel-macos-x86_64 1.4 NOTE
r-oldrel-windows-ix86+x86_64 1.4 5.00 39.00 44.00 OK

Check Details

Version: 1.4
Check: Rd cross-references
Result: NOTE
    Undeclared package ‘SciViews’ in Rd xrefs
Flavor: r-devel-linux-x86_64-fedora-clang

Version: 1.4
Check: data for non-ASCII characters
Result: NOTE
     Note: found 5 marked Latin-1 strings
Flavors: r-devel-linux-x86_64-fedora-clang, r-devel-linux-x86_64-fedora-gcc, r-patched-solaris-x86, r-release-macos-x86_64, r-oldrel-macos-x86_64