CRAN Package Check Results for Package Familias

Last updated on 2017-11-19 15:49:50.

Flavor Version Tinstall Tcheck Ttotal Status Flags
r-devel-linux-x86_64-debian-clang 2.4 9.63 35.62 45.25 NOTE
r-devel-linux-x86_64-debian-gcc 2.4 10.01 39.08 49.09 NOTE
r-devel-linux-x86_64-fedora-clang 2.4 111.00 NOTE
r-devel-linux-x86_64-fedora-gcc 2.4 119.92 NOTE
r-devel-windows-ix86+x86_64 2.4 43.00 99.00 142.00 OK
r-patched-linux-x86_64 2.4 9.02 37.03 46.05 NOTE
r-patched-solaris-x86 2.4 143.90 OK
r-release-linux-x86_64 2.4 9.15 36.87 46.02 NOTE
r-release-windows-ix86+x86_64 2.4 68.00 130.00 198.00 OK
r-release-osx-x86_64 2.4 OK
r-oldrel-windows-ix86+x86_64 2.4 40.00 108.00 148.00 OK
r-oldrel-osx-x86_64 2.4 OK

Additional issues

clang-UBSAN

Check Details

Version: 2.4
Check: compiled code
Result: NOTE
    File ‘Familias/libs/Familias.so’:
     Found no calls to: ‘R_registerRoutines’, ‘R_useDynamicSymbols’
    
    It is good practice to register native routines and to disable symbol
    search.
    
    See ‘Writing portable packages’ in the ‘Writing R Extensions’ manual.
Flavors: r-devel-linux-x86_64-debian-clang, r-devel-linux-x86_64-debian-gcc, r-devel-linux-x86_64-fedora-clang, r-devel-linux-x86_64-fedora-gcc, r-patched-linux-x86_64, r-release-linux-x86_64