CRAN Package Check Results for Package Familias

Last updated on 2018-10-15 21:48:22 CEST.

Flavor Version Tinstall Tcheck Ttotal Status Flags
r-devel-linux-x86_64-debian-clang 2.4 20.61 64.98 85.59 OK
r-devel-linux-x86_64-debian-gcc 2.4 15.99 51.79 67.78 OK
r-devel-linux-x86_64-fedora-clang 2.4 124.82 NOTE
r-devel-linux-x86_64-fedora-gcc 2.4 102.61 NOTE
r-devel-windows-ix86+x86_64 2.4 62.00 102.00 164.00 OK
r-patched-linux-x86_64 2.4 21.88 54.95 76.83 OK
r-patched-solaris-x86 2.4 138.60 OK
r-release-linux-x86_64 2.4 18.25 54.88 73.13 OK
r-release-windows-ix86+x86_64 2.4 54.00 124.00 178.00 OK
r-release-osx-x86_64 2.4 OK
r-oldrel-windows-ix86+x86_64 2.4 56.00 104.00 160.00 OK
r-oldrel-osx-x86_64 2.4 OK

Additional issues

clang-UBSAN

Check Details

Version: 2.4
Check: compiled code
Result: NOTE
    File ‘Familias/libs/Familias.so’:
     Found no calls to: ‘R_registerRoutines’, ‘R_useDynamicSymbols’
    
    It is good practice to register native routines and to disable symbol
    search.
    
    See ‘Writing portable packages’ in the ‘Writing R Extensions’ manual.
Flavors: r-devel-linux-x86_64-fedora-clang, r-devel-linux-x86_64-fedora-gcc