CRAN Package Check Results for Package Familias

Last updated on 2018-08-18 09:49:41 CEST.

Flavor Version Tinstall Tcheck Ttotal Status Flags
r-devel-linux-x86_64-debian-clang 2.4 20.85 64.13 84.98 NOTE
r-devel-linux-x86_64-debian-gcc 2.4 16.82 51.50 68.32 NOTE
r-devel-linux-x86_64-fedora-clang 2.4 111.81 NOTE
r-devel-linux-x86_64-fedora-gcc 2.4 98.00 NOTE
r-devel-windows-ix86+x86_64 2.4 64.00 135.00 199.00 OK
r-patched-linux-x86_64 2.4 19.78 55.63 75.41 NOTE
r-patched-solaris-x86 2.4 151.50 OK
r-release-linux-x86_64 2.4 22.33 55.29 77.62 NOTE
r-release-windows-ix86+x86_64 2.4 64.00 118.00 182.00 OK
r-release-osx-x86_64 2.4 OK
r-oldrel-windows-ix86+x86_64 2.4 43.00 84.00 127.00 OK
r-oldrel-osx-x86_64 2.4 OK

Additional issues

clang-UBSAN

Check Details

Version: 2.4
Check: compiled code
Result: NOTE
    File ‘Familias/libs/Familias.so’:
     Found no calls to: ‘R_registerRoutines’, ‘R_useDynamicSymbols’
    
    It is good practice to register native routines and to disable symbol
    search.
    
    See ‘Writing portable packages’ in the ‘Writing R Extensions’ manual.
Flavors: r-devel-linux-x86_64-debian-clang, r-devel-linux-x86_64-debian-gcc, r-devel-linux-x86_64-fedora-clang, r-devel-linux-x86_64-fedora-gcc, r-patched-linux-x86_64, r-release-linux-x86_64