CRAN Package Check Results for Package Familias

Last updated on 2018-04-25 15:47:53 CEST.

Flavor Version Tinstall Tcheck Ttotal Status Flags
r-devel-linux-x86_64-debian-clang 2.4 19.01 55.80 74.81 NOTE
r-devel-linux-x86_64-debian-gcc 2.4 15.22 44.21 59.43 NOTE
r-devel-linux-x86_64-fedora-clang 2.4 101.35 NOTE
r-devel-linux-x86_64-fedora-gcc 2.4 83.16 NOTE
r-devel-windows-ix86+x86_64 2.4 54.00 97.00 151.00 OK
r-patched-linux-x86_64 2.4 19.01 54.41 73.42 NOTE
r-patched-solaris-x86 2.4 127.90 OK
r-release-linux-x86_64 2.4 18.09 54.31 72.40 NOTE
r-release-windows-ix86+x86_64 2.4 54.00 97.00 151.00 OK
r-release-osx-x86_64 2.4 OK
r-oldrel-windows-ix86+x86_64 2.4 41.00 126.00 167.00 OK
r-oldrel-osx-x86_64 2.4 OK

Additional issues

clang-UBSAN

Check Details

Version: 2.4
Check: compiled code
Result: NOTE
    File ‘Familias/libs/Familias.so’:
     Found no calls to: ‘R_registerRoutines’, ‘R_useDynamicSymbols’
    
    It is good practice to register native routines and to disable symbol
    search.
    
    See ‘Writing portable packages’ in the ‘Writing R Extensions’ manual.
Flavors: r-devel-linux-x86_64-debian-clang, r-devel-linux-x86_64-debian-gcc, r-devel-linux-x86_64-fedora-clang, r-devel-linux-x86_64-fedora-gcc, r-patched-linux-x86_64, r-release-linux-x86_64