CRAN Package Check Results for Package Familias

Last updated on 2018-06-22 06:46:47 CEST.

Flavor Version Tinstall Tcheck Ttotal Status Flags
r-devel-linux-x86_64-debian-clang 2.4 18.34 58.00 76.34 NOTE
r-devel-linux-x86_64-debian-gcc 2.4 15.55 50.70 66.25 NOTE
r-devel-linux-x86_64-fedora-clang 2.4 110.67 NOTE
r-devel-linux-x86_64-fedora-gcc 2.4 90.91 NOTE
r-devel-windows-ix86+x86_64 2.4 43.00 142.00 185.00 OK
r-patched-linux-x86_64 2.4 17.87 55.11 72.98 NOTE
r-patched-solaris-x86 2.4 136.80 OK
r-release-linux-x86_64 2.4 20.91 54.34 75.25 NOTE
r-release-windows-ix86+x86_64 2.4 48.00 119.00 167.00 OK
r-release-osx-x86_64 2.4 OK
r-oldrel-windows-ix86+x86_64 2.4 49.00 96.00 145.00 OK
r-oldrel-osx-x86_64 2.4 OK

Additional issues

clang-UBSAN

Check Details

Version: 2.4
Check: compiled code
Result: NOTE
    File ‘Familias/libs/Familias.so’:
     Found no calls to: ‘R_registerRoutines’, ‘R_useDynamicSymbols’
    
    It is good practice to register native routines and to disable symbol
    search.
    
    See ‘Writing portable packages’ in the ‘Writing R Extensions’ manual.
Flavors: r-devel-linux-x86_64-debian-clang, r-devel-linux-x86_64-debian-gcc, r-devel-linux-x86_64-fedora-clang, r-devel-linux-x86_64-fedora-gcc, r-patched-linux-x86_64, r-release-linux-x86_64