CRAN Package Check Results for Package Familias

Last updated on 2021-05-14 18:48:11 CEST.

Flavor Version Tinstall Tcheck Ttotal Status Flags
r-devel-linux-x86_64-debian-clang 2.4 27.95 68.62 96.57 OK
r-devel-linux-x86_64-debian-gcc 2.4 18.53 53.24 71.77 OK
r-devel-linux-x86_64-fedora-clang 2.4 152.76 NOTE
r-devel-linux-x86_64-fedora-gcc 2.4 118.29 NOTE
r-devel-windows-ix86+x86_64 2.4 75.00 130.00 205.00 OK
r-devel-windows-x86_64-gcc10-UCRT 2.4 OK
r-patched-linux-x86_64 2.4 25.45 66.42 91.87 OK
r-patched-solaris-x86 2.4 169.70 OK
r-release-linux-x86_64 2.4 20.88 63.63 84.51 OK
r-release-macos-x86_64 2.4 OK
r-release-windows-ix86+x86_64 2.4 52.00 126.00 178.00 OK
r-oldrel-macos-x86_64 2.4 OK
r-oldrel-windows-ix86+x86_64 2.4 44.00 112.00 156.00 OK

Additional issues

clang-UBSAN gcc-UBSAN

Check Details

Version: 2.4
Check: compiled code
Result: NOTE
    File ‘Familias/libs/Familias.so’:
     Found no calls to: ‘R_registerRoutines’, ‘R_useDynamicSymbols’
    
    It is good practice to register native routines and to disable symbol
    search.
    
    See ‘Writing portable packages’ in the ‘Writing R Extensions’ manual.
Flavors: r-devel-linux-x86_64-fedora-clang, r-devel-linux-x86_64-fedora-gcc