CRAN Package Check Results for Package FastPCS

Last updated on 2019-02-18 07:49:38 CET.

Flavor Version Tinstall Tcheck Ttotal Status Flags
r-devel-linux-x86_64-debian-clang 0.1.3 19.30 18.93 38.23 OK
r-devel-linux-x86_64-debian-gcc 0.1.3 17.22 15.79 33.01 OK
r-devel-linux-x86_64-fedora-clang 0.1.3 55.83 NOTE
r-devel-linux-x86_64-fedora-gcc 0.1.3 50.96 OK
r-devel-windows-ix86+x86_64 0.1.3 43.00 46.00 89.00 OK
r-patched-linux-x86_64 0.1.3 17.74 18.17 35.91 OK
r-patched-solaris-x86 0.1.3 51.30 OK
r-release-linux-x86_64 0.1.3 OK
r-release-windows-ix86+x86_64 0.1.3 28.00 60.00 88.00 OK
r-release-osx-x86_64 0.1.3 NOTE
r-oldrel-windows-ix86+x86_64 0.1.3 45.00 57.00 102.00 OK
r-oldrel-osx-x86_64 0.1.3 NOTE

Check Details

Version: 0.1.3
Check: installed package size
Result: NOTE
     installed size is 8.4Mb
     sub-directories of 1Mb or more:
     libs 8.3Mb
Flavors: r-devel-linux-x86_64-fedora-clang, r-release-osx-x86_64, r-oldrel-osx-x86_64