CRAN Package Check Results for Package FastPCS

Last updated on 2020-12-05 23:47:44 CET.

Flavor Version Tinstall Tcheck Ttotal Status Flags
r-devel-linux-x86_64-debian-clang 0.1.3 23.09 21.63 44.72 OK
r-devel-linux-x86_64-debian-gcc 0.1.3 17.44 19.15 36.59 OK
r-devel-linux-x86_64-fedora-clang 0.1.3 70.85 NOTE
r-devel-linux-x86_64-fedora-gcc 0.1.3 56.15 OK
r-devel-windows-ix86+x86_64 0.1.3 45.00 61.00 106.00 OK
r-patched-linux-x86_64 0.1.3 19.99 22.36 42.35 OK
r-patched-solaris-x86 0.1.3 58.00 OK
r-release-linux-x86_64 0.1.3 22.03 22.59 44.62 OK
r-release-macos-x86_64 0.1.3 NOTE
r-release-windows-ix86+x86_64 0.1.3 46.00 48.00 94.00 OK
r-oldrel-macos-x86_64 0.1.3 NOTE
r-oldrel-windows-ix86+x86_64 0.1.3 40.00 63.00 103.00 OK

Check Details

Version: 0.1.3
Check: installed package size
Result: NOTE
     installed size is 8.5Mb
     sub-directories of 1Mb or more:
     libs 8.4Mb
Flavors: r-devel-linux-x86_64-fedora-clang, r-release-macos-x86_64, r-oldrel-macos-x86_64