CRAN Package Check Results for Package FastPCS

Last updated on 2018-12-11 14:48:36 CET.

Flavor Version Tinstall Tcheck Ttotal Status Flags
r-devel-linux-x86_64-debian-clang 0.1.3 22.65 18.90 41.55 OK
r-devel-linux-x86_64-debian-gcc 0.1.3 20.37 15.53 35.90 OK
r-devel-linux-x86_64-fedora-clang 0.1.3 53.88 NOTE
r-devel-linux-x86_64-fedora-gcc 0.1.3 49.03 OK
r-devel-windows-ix86+x86_64 0.1.3 41.00 58.00 99.00 OK
r-patched-linux-x86_64 0.1.3 21.41 18.26 39.67 OK
r-patched-solaris-x86 0.1.3 50.50 OK
r-release-linux-x86_64 0.1.3 21.61 18.34 39.95 OK
r-release-windows-ix86+x86_64 0.1.3 40.00 47.00 87.00 OK
r-release-osx-x86_64 0.1.3 NOTE
r-oldrel-windows-ix86+x86_64 0.1.3 35.00 47.00 82.00 OK
r-oldrel-osx-x86_64 0.1.3 NOTE

Check Details

Version: 0.1.3
Check: installed package size
Result: NOTE
     installed size is 9.3Mb
     sub-directories of 1Mb or more:
     libs 9.2Mb
Flavors: r-devel-linux-x86_64-fedora-clang, r-release-osx-x86_64, r-oldrel-osx-x86_64