CRAN Package Check Results for Package FeatureHashing

Last updated on 2022-07-04 14:51:26 CEST.

Flavor Version Tinstall Tcheck Ttotal Status Flags
r-devel-linux-x86_64-debian-clang 0.9.1.4 82.43 130.54 212.97 WARN
r-devel-linux-x86_64-debian-gcc 0.9.1.4 65.32 100.24 165.56 OK
r-devel-linux-x86_64-fedora-clang 0.9.1.4 294.83 WARN
r-devel-linux-x86_64-fedora-gcc 0.9.1.4 282.71 OK
r-devel-windows-x86_64 0.9.1.4 96.00 178.00 274.00 OK
r-patched-linux-x86_64 0.9.1.4 69.85 131.33 201.18 OK
r-release-linux-x86_64 0.9.1.4 72.82 127.36 200.18 OK
r-release-macos-arm64 0.9.1.4 73.00 OK
r-release-macos-x86_64 0.9.1.4 104.00 OK
r-release-windows-x86_64 0.9.1.4 118.00 181.00 299.00 OK
r-oldrel-macos-arm64 0.9.1.4 87.00 NOTE
r-oldrel-macos-x86_64 0.9.1.4 151.00 OK
r-oldrel-windows-ix86+x86_64 0.9.1.4 198.00 237.00 435.00 OK

Additional issues

clang14

Check Details

Version: 0.9.1.4
Check: whether package can be installed
Result: WARN
    Found the following significant warnings:
     ./vector_converter.h:249:9: warning: use of bitwise '|' with boolean operands [-Wbitwise-instead-of-logical]
     ./vector_converter.h:259:9: warning: use of bitwise '|' with boolean operands [-Wbitwise-instead-of-logical]
Flavors: r-devel-linux-x86_64-debian-clang, r-devel-linux-x86_64-fedora-clang

Version: 0.9.1.4
Check: installed package size
Result: NOTE
     installed size is 5.7Mb
     sub-directories of 1Mb or more:
     libs 5.0Mb
Flavor: r-oldrel-macos-arm64