CRAN Package Check Results for Package FeedbackTS

Last updated on 2019-05-20 12:48:18 CEST.

Flavor Version Tinstall Tcheck Ttotal Status Flags
r-devel-linux-x86_64-debian-clang 1.4 7.11 55.02 62.13 OK
r-devel-linux-x86_64-debian-gcc 1.4 5.51 43.13 48.64 OK
r-devel-linux-x86_64-fedora-clang 1.4 72.75 OK
r-devel-linux-x86_64-fedora-gcc 1.4 70.25 OK
r-devel-windows-ix86+x86_64 1.4 15.00 89.00 104.00 OK
r-patched-linux-x86_64 1.4 7.12 55.65 62.77 OK
r-patched-solaris-x86 1.4 118.40 OK
r-release-linux-x86_64 1.4 6.92 56.17 63.09 OK
r-release-windows-ix86+x86_64 1.4 16.00 91.00 107.00 OK
r-release-osx-x86_64 1.4 FAIL
r-oldrel-windows-ix86+x86_64 1.4 7.00 58.00 65.00 OK
r-oldrel-osx-x86_64 1.4 OK

Check Details

Version: 1.4
Check: whether package can be installed
Result: FAIL
    
Flavor: r-release-osx-x86_64