CRAN Package Check Results for Package FiSh

Last updated on 2024-06-12 22:56:23 CEST.

Flavor Version Tinstall Tcheck Ttotal Status Flags
r-devel-linux-x86_64-debian-clang 1.1 7.14 77.08 84.22 NOTE
r-devel-linux-x86_64-debian-gcc 1.1 0.28 1.71 1.99 ERROR
r-devel-linux-x86_64-fedora-clang 1.1 107.67 NOTE
r-devel-linux-x86_64-fedora-gcc 1.1 104.07 NOTE
r-devel-windows-x86_64 1.1 8.00 79.00 87.00 NOTE
r-patched-linux-x86_64 1.1 7.76 76.16 83.92 NOTE
r-release-linux-x86_64 1.1 8.06 72.75 80.81 NOTE
r-release-macos-arm64 1.1 35.00 NOTE
r-release-macos-x86_64 1.1 70.00 NOTE
r-release-windows-x86_64 1.1 9.00 81.00 90.00 NOTE
r-oldrel-macos-arm64 1.1 38.00 OK
r-oldrel-macos-x86_64 1.1 63.00 OK
r-oldrel-windows-x86_64 1.1 11.00 91.00 102.00 OK

Check Details

Version: 1.1
Check: Rd files
Result: NOTE checkRd: (-1) FiSh-package.Rd:19: Lost braces 19 | \doi{10.3389/feart.2020.00255}{Frontiers in Earth Science, 8:255}. | ^ checkRd: (-1) FiSh-package.Rd:32: Lost braces 32 | \doi{10.3389/feart.2020.00255}{Frontiers in Earth Science, 8:255}. | ^ checkRd: (-1) SEP_FIM.Rd:46: Lost braces 46 | \doi{10.3389/feart.2020.00255}{Frontiers in Earth Science, 8:255}. | ^ Flavors: r-devel-linux-x86_64-debian-clang, r-devel-linux-x86_64-fedora-clang, r-devel-linux-x86_64-fedora-gcc, r-devel-windows-x86_64, r-patched-linux-x86_64, r-release-linux-x86_64, r-release-macos-arm64, r-release-macos-x86_64, r-release-windows-x86_64

Version: 1.1
Check: package dependencies
Result: ERROR Package required but not available: ‘fda.usc’ See section ‘The DESCRIPTION file’ in the ‘Writing R Extensions’ manual. Flavor: r-devel-linux-x86_64-debian-gcc