CRAN Package Check Results for Package FiSh

Last updated on 2021-04-12 22:51:01 CEST.

Flavor Version Tinstall Tcheck Ttotal Status Flags
r-devel-linux-x86_64-debian-clang 1.0 8.13 70.86 78.99 NOTE
r-devel-linux-x86_64-debian-gcc 1.0 6.10 56.46 62.56 NOTE
r-devel-linux-x86_64-fedora-clang 1.0 103.90 NOTE
r-devel-linux-x86_64-fedora-gcc 1.0 94.82 NOTE
r-devel-windows-ix86+x86_64 1.0 19.00 91.00 110.00 NOTE
r-devel-windows-x86_64-gcc10-UCRT 1.0 NOTE
r-patched-linux-x86_64 1.0 7.59 66.35 73.94 OK
r-patched-solaris-x86 1.0 145.20 OK
r-release-linux-x86_64 1.0 8.40 67.25 75.65 OK
r-release-macos-x86_64 1.0 OK
r-release-windows-ix86+x86_64 1.0 22.00 92.00 114.00 OK
r-oldrel-macos-x86_64 1.0 OK
r-oldrel-windows-ix86+x86_64 1.0 14.00 58.00 72.00 OK

Check Details

Version: 1.0
Check: LazyData
Result: NOTE
     'LazyData' is specified without a 'data' directory
Flavors: r-devel-linux-x86_64-debian-clang, r-devel-linux-x86_64-debian-gcc, r-devel-linux-x86_64-fedora-clang, r-devel-linux-x86_64-fedora-gcc, r-devel-windows-ix86+x86_64, r-devel-windows-x86_64-gcc10-UCRT