CRAN Package Check Results for Package FinancialMath

Last updated on 2023-12-10 22:55:57 CET.

Flavor Version Tinstall Tcheck Ttotal Status Flags
r-devel-linux-x86_64-debian-clang 0.1.1 6.88 52.91 59.79 NOTE
r-devel-linux-x86_64-debian-gcc 0.1.1 7.33 39.00 46.33 NOTE
r-devel-linux-x86_64-fedora-clang 0.1.1 75.49 NOTE
r-devel-linux-x86_64-fedora-gcc 0.1.1 72.31 NOTE
r-devel-windows-x86_64 0.1.1 8.00 57.00 65.00 NOTE
r-patched-linux-x86_64 0.1.1 10.62 50.48 61.10 NOTE
r-release-linux-x86_64 0.1.1 7.12 50.33 57.45 NOTE
r-release-macos-arm64 0.1.1 22.00 NOTE
r-release-macos-x86_64 0.1.1 36.00 NOTE
r-release-windows-x86_64 0.1.1 12.00 64.00 76.00 NOTE
r-oldrel-macos-arm64 0.1.1 21.00 NOTE
r-oldrel-macos-x86_64 0.1.1 31.00 NOTE
r-oldrel-windows-x86_64 0.1.1 15.00 65.00 80.00 NOTE

Check Details

Version: 0.1.1
Check: LazyData
Result: NOTE 'LazyData' is specified without a 'data' directory Flavors: r-devel-linux-x86_64-debian-clang, r-devel-linux-x86_64-debian-gcc, r-devel-linux-x86_64-fedora-clang, r-devel-linux-x86_64-fedora-gcc, r-devel-windows-x86_64, r-patched-linux-x86_64, r-release-linux-x86_64, r-release-macos-arm64, r-release-macos-x86_64, r-release-windows-x86_64, r-oldrel-macos-arm64, r-oldrel-macos-x86_64, r-oldrel-windows-x86_64