CRAN Package Check Results for Package FinePop2

Last updated on 2021-04-13 14:47:30 CEST.

Flavor Version Tinstall Tcheck Ttotal Status Flags
r-devel-linux-x86_64-debian-clang 0.4 2.69 33.07 35.76 OK
r-devel-linux-x86_64-debian-gcc 0.4 2.11 25.52 27.63 OK
r-devel-linux-x86_64-fedora-clang 0.4 52.33 NOTE
r-devel-linux-x86_64-fedora-gcc 0.4 41.66 OK
r-devel-windows-ix86+x86_64 0.4 5.00 46.00 51.00 OK
r-devel-windows-x86_64-gcc10-UCRT 0.4 OK
r-patched-linux-x86_64 0.4 2.76 32.38 35.14 OK
r-patched-solaris-x86 0.4 62.50 OK
r-release-linux-x86_64 0.4 2.03 32.33 34.36 OK
r-release-macos-x86_64 0.4 OK
r-release-windows-ix86+x86_64 0.4 5.00 44.00 49.00 OK
r-oldrel-macos-x86_64 0.4 OK
r-oldrel-windows-ix86+x86_64 0.4 9.00 57.00 66.00 OK

Check Details

Version: 0.4
Check: Rd cross-references
Result: NOTE
    Undeclared package ‘FinePop’ in Rd xrefs
Flavor: r-devel-linux-x86_64-fedora-clang