CRAN Package Check Results for Package FishPhyloMaker

Last updated on 2021-10-27 18:51:02 CEST.

Flavor Version Tinstall Tcheck Ttotal Status Flags
r-devel-linux-x86_64-debian-clang 0.2.0 4.73 34.92 39.65 OK
r-devel-linux-x86_64-debian-gcc 0.2.0 3.63 26.88 30.51 OK
r-devel-linux-x86_64-fedora-clang 0.2.0 59.58 NOTE
r-devel-linux-x86_64-fedora-gcc 0.2.0 47.82 NOTE
r-devel-windows-x86_64 0.2.0 8.00 65.00 73.00 OK
r-devel-windows-x86_64-gcc10-UCRT 0.2.0 NOTE
r-patched-linux-x86_64 0.2.0 4.51 34.72 39.23 OK
r-patched-solaris-x86 0.2.0 70.70 NOTE
r-release-linux-x86_64 0.2.0 4.42 35.06 39.48 OK
r-release-macos-arm64 0.2.0 NOTE
r-release-macos-x86_64 0.2.0 NOTE
r-release-windows-ix86+x86_64 0.2.0 8.00 57.00 65.00 OK
r-oldrel-macos-x86_64 0.2.0 NOTE
r-oldrel-windows-ix86+x86_64 0.2.0 8.00 56.00 64.00 OK

Check Details

Version: 0.2.0
Check: dependencies in R code
Result: NOTE
    Namespaces in Imports field not imported from:
     ‘knitr’ ‘rmarkdown’ ‘utils’
     All declared Imports should be used.
Flavors: r-devel-linux-x86_64-fedora-clang, r-devel-linux-x86_64-fedora-gcc, r-devel-windows-x86_64-gcc10-UCRT, r-patched-solaris-x86, r-release-macos-arm64, r-release-macos-x86_64, r-oldrel-macos-x86_64