CRAN Package Check Results for Package FishResp

Last updated on 2021-10-20 02:50:04 CEST.

Flavor Version Tinstall Tcheck Ttotal Status Flags
r-devel-linux-x86_64-debian-clang 1.1.0 18.73 110.39 129.12 OK
r-devel-linux-x86_64-debian-gcc 1.1.0 14.67 79.74 94.41 OK
r-devel-linux-x86_64-fedora-clang 1.1.0 135.36 NOTE
r-devel-linux-x86_64-fedora-gcc 1.1.0 157.74 OK
r-devel-windows-x86_64 1.1.0 30.00 132.00 162.00 NOTE
r-devel-windows-x86_64-gcc10-UCRT 1.1.0 OK
r-patched-linux-x86_64 1.1.0 25.80 104.70 130.50 OK
r-patched-solaris-x86 1.1.0 184.90 NOTE
r-release-linux-x86_64 1.1.0 18.16 104.86 123.02 OK
r-release-macos-arm64 1.1.0 NOTE
r-release-macos-x86_64 1.1.0 NOTE
r-release-windows-ix86+x86_64 1.1.0 35.00 132.00 167.00 NOTE
r-oldrel-macos-x86_64 1.1.0 NOTE
r-oldrel-windows-ix86+x86_64 1.1.0 36.00 123.00 159.00 NOTE

Check Details

Version: 1.1.0
Check: installed package size
Result: NOTE
     installed size is 5.6Mb
     sub-directories of 1Mb or more:
     data 1.4Mb
     extdata 3.8Mb
Flavors: r-devel-linux-x86_64-fedora-clang, r-devel-windows-x86_64, r-patched-solaris-x86, r-release-macos-arm64, r-release-macos-x86_64, r-release-windows-ix86+x86_64, r-oldrel-macos-x86_64, r-oldrel-windows-ix86+x86_64