CRAN Package Check Results for Package FitUltD

Last updated on 2024-04-15 07:48:41 CEST.

Flavor Version Tinstall Tcheck Ttotal Status Flags
r-devel-linux-x86_64-debian-clang 3.1.0 6.89 96.00 102.89 NOTE
r-devel-linux-x86_64-debian-gcc 3.1.0 8.57 71.32 79.89 NOTE
r-devel-linux-x86_64-fedora-clang 3.1.0 130.20 NOTE
r-devel-linux-x86_64-fedora-gcc 3.1.0 125.35 NOTE
r-devel-windows-x86_64 3.1.0 10.00 79.00 89.00 NOTE
r-patched-linux-x86_64 3.1.0 11.80 92.73 104.53 NOTE
r-release-linux-x86_64 3.1.0 8.41 92.00 100.41 NOTE
r-release-macos-arm64 3.1.0 42.00 NOTE
r-release-macos-x86_64 3.1.0 66.00 NOTE
r-release-windows-x86_64 3.1.0 13.00 99.00 112.00 NOTE
r-oldrel-macos-arm64 3.1.0 36.00 NOTE
r-oldrel-windows-x86_64 3.1.0 14.00 104.00 118.00 NOTE

Check Details

Version: 3.1.0
Check: LazyData
Result: NOTE 'LazyData' is specified without a 'data' directory Flavors: r-devel-linux-x86_64-debian-clang, r-devel-linux-x86_64-debian-gcc, r-devel-linux-x86_64-fedora-clang, r-devel-linux-x86_64-fedora-gcc, r-devel-windows-x86_64, r-patched-linux-x86_64, r-release-linux-x86_64, r-release-macos-arm64, r-release-macos-x86_64, r-release-windows-x86_64, r-oldrel-macos-arm64, r-oldrel-windows-x86_64