Last updated on 2023-06-06 17:58:39 CEST.
Flavor | Version | Tinstall | Tcheck | Ttotal | Status | Flags |
---|---|---|---|---|---|---|
r-devel-linux-x86_64-debian-clang | 3.1.0 | 11.20 | 101.83 | 113.03 | NOTE | |
r-devel-linux-x86_64-debian-gcc | 3.1.0 | 8.29 | 75.02 | 83.31 | NOTE | |
r-devel-linux-x86_64-fedora-clang | 3.1.0 | 139.57 | NOTE | |||
r-devel-linux-x86_64-fedora-gcc | 3.1.0 | 131.22 | NOTE | |||
r-devel-windows-x86_64 | 3.1.0 | 9.00 | 84.00 | 93.00 | NOTE | |
r-patched-linux-x86_64 | 3.1.0 | 10.02 | 94.30 | 104.32 | NOTE | |
r-release-linux-x86_64 | 3.1.0 | 9.82 | 94.90 | 104.72 | NOTE | |
r-release-macos-arm64 | 3.1.0 | 42.00 | NOTE | |||
r-release-macos-x86_64 | 3.1.0 | 66.00 | NOTE | |||
r-release-windows-x86_64 | 3.1.0 | 14.00 | 104.00 | 118.00 | NOTE | |
r-oldrel-macos-arm64 | 3.1.0 | 36.00 | NOTE | |||
r-oldrel-macos-x86_64 | 3.1.0 | 72.00 | NOTE | |||
r-oldrel-windows-x86_64 | 3.1.0 | 14.00 | 106.00 | 120.00 | NOTE |
Version: 3.1.0
Check: LazyData
Result: NOTE
'LazyData' is specified without a 'data' directory
Flavors: r-devel-linux-x86_64-debian-clang, r-devel-linux-x86_64-debian-gcc, r-devel-linux-x86_64-fedora-clang, r-devel-linux-x86_64-fedora-gcc, r-devel-windows-x86_64, r-patched-linux-x86_64, r-release-linux-x86_64, r-release-macos-arm64, r-release-macos-x86_64, r-release-windows-x86_64, r-oldrel-macos-arm64, r-oldrel-macos-x86_64, r-oldrel-windows-x86_64