CRAN Package Check Results for Package FlexGAM

Last updated on 2021-12-07 00:49:18 CET.

Flavor Version Tinstall Tcheck Ttotal Status Flags
r-devel-linux-x86_64-debian-clang 0.7.2 9.46 82.91 92.37 NOTE
r-devel-linux-x86_64-debian-gcc 0.7.2 8.21 64.83 73.04 NOTE
r-devel-linux-x86_64-fedora-clang 0.7.2 112.87 NOTE
r-devel-linux-x86_64-fedora-gcc 0.7.2 101.80 NOTE
r-devel-windows-x86_64-new-UL 0.7.2 17.00 112.00 129.00 NOTE
r-devel-windows-x86_64-new-TK 0.7.2 NOTE
r-devel-windows-x86_64-old 0.7.2 14.00 74.00 88.00 NOTE
r-patched-linux-x86_64 0.7.2 8.78 72.77 81.55 NOTE
r-release-linux-x86_64 0.7.2 10.24 80.41 90.65 NOTE
r-release-macos-arm64 0.7.2 NOTE
r-release-macos-x86_64 0.7.2 NOTE
r-release-windows-ix86+x86_64 0.7.2 20.00 99.00 119.00 NOTE
r-oldrel-macos-x86_64 0.7.2 OK
r-oldrel-windows-ix86+x86_64 0.7.2 20.00 93.00 113.00 OK

Check Details

Version: 0.7.2
Check: LazyData
Result: NOTE
     'LazyData' is specified without a 'data' directory
Flavors: r-devel-linux-x86_64-debian-clang, r-devel-linux-x86_64-debian-gcc, r-devel-linux-x86_64-fedora-clang, r-devel-linux-x86_64-fedora-gcc, r-devel-windows-x86_64-new-UL, r-devel-windows-x86_64-new-TK, r-devel-windows-x86_64-old, r-patched-linux-x86_64, r-release-linux-x86_64, r-release-macos-arm64, r-release-macos-x86_64, r-release-windows-ix86+x86_64