CRAN Package Check Results for Package FlexParamCurve

Last updated on 2024-07-19 10:56:46 CEST.

Flavor Version Tinstall Tcheck Ttotal Status Flags
r-devel-linux-x86_64-debian-clang 1.5-6 12.59 93.86 106.45 OK
r-devel-linux-x86_64-debian-gcc 1.5-6 9.86 66.60 76.46 OK
r-devel-linux-x86_64-fedora-clang 1.5-6 131.05 OK
r-devel-linux-x86_64-fedora-gcc 1.5-6 121.93 OK
r-devel-windows-x86_64 1.5-6 11.00 78.00 89.00 NOTE
r-patched-linux-x86_64 1.5-6 15.28 88.25 103.53 OK
r-release-linux-x86_64 1.5-6 11.51 86.81 98.32 OK
r-release-macos-arm64 1.5-6 34.00 OK
r-release-macos-x86_64 1.5-6 53.00 OK
r-release-windows-x86_64 1.5-6 11.00 78.00 89.00 OK
r-oldrel-macos-arm64 1.5-6 39.00 OK
r-oldrel-macos-x86_64 1.5-6 85.00 OK
r-oldrel-windows-x86_64 1.5-6 14.00 88.00 102.00 OK

Check Details

Version: 1.5-6
Check: Rd cross-references
Result: NOTE Found the following Rd file(s) with Rd \link{} targets missing package anchors: FlexParamCurve-package.Rd: nlsList, nlme SSposnegRichards.Rd: nlsList, nlme extraF.Rd: nlsList logist.data.Rd: nlme pn.mod.compare.Rd: nlsList pn.modselect.step.Rd: nlsList posneg.data.Rd: nlme posnegRichards.calls.Rd: nlsList Please provide package anchors for all Rd \link{} targets not in the package itself and the base packages. Flavor: r-devel-windows-x86_64