CRAN Package Check Results for Package FlowCAr

Last updated on 2019-09-18 11:48:54 CEST.

Flavor Version Tinstall Tcheck Ttotal Status Flags
r-devel-linux-x86_64-debian-clang 1.0.0 3.87 42.92 46.79 OK
r-devel-linux-x86_64-debian-gcc 1.0.0 3.42 32.76 36.18 OK
r-devel-linux-x86_64-fedora-clang 1.0.0 57.74 NOTE
r-devel-linux-x86_64-fedora-gcc 1.0.0 55.15 NOTE
r-devel-windows-ix86+x86_64 1.0.0 21.00 57.00 78.00 OK
r-patched-linux-x86_64 1.0.0 4.07 41.62 45.69 OK
r-patched-solaris-x86 1.0.0 83.60 NOTE
r-release-linux-x86_64 1.0.0 3.67 41.72 45.39 OK
r-release-windows-ix86+x86_64 1.0.0 10.00 54.00 64.00 OK
r-release-osx-x86_64 1.0.0 NOTE
r-oldrel-windows-ix86+x86_64 1.0.0 6.00 57.00 63.00 OK
r-oldrel-osx-x86_64 1.0.0 NOTE

Check Details

Version: 1.0.0
Check: dependencies in R code
Result: NOTE
    Namespace in Imports field not imported from: ‘limSolve’
     All declared Imports should be used.
Flavors: r-devel-linux-x86_64-fedora-clang, r-devel-linux-x86_64-fedora-gcc, r-patched-solaris-x86, r-release-osx-x86_64, r-oldrel-osx-x86_64