CRAN Package Check Results for Package FlowCAr

Last updated on 2020-02-18 00:52:05 CET.

Flavor Version Tinstall Tcheck Ttotal Status Flags
r-devel-linux-x86_64-debian-clang 1.1.1 4.71 49.97 54.68 OK
r-devel-linux-x86_64-debian-gcc 1.1.1 3.66 38.70 42.36 OK
r-devel-linux-x86_64-fedora-clang 1.1.1 65.49 NOTE
r-devel-linux-x86_64-fedora-gcc 1.1.1 63.23 NOTE
r-devel-windows-ix86+x86_64 1.1.1 10.00 59.00 69.00 OK
r-devel-windows-ix86+x86_64-gcc8 1.1.1 19.00 92.00 111.00 OK
r-patched-linux-x86_64 1.1.1 4.38 45.06 49.44 OK
r-patched-solaris-x86 1.1.1 92.70 NOTE
r-release-linux-x86_64 1.1.1 4.18 44.56 48.74 OK
r-release-windows-ix86+x86_64 1.1.1 10.00 57.00 67.00 OK
r-release-osx-x86_64 1.1.1 NOTE
r-oldrel-windows-ix86+x86_64 1.1.1 7.00 74.00 81.00 OK
r-oldrel-osx-x86_64 1.1.1 NOTE

Check Details

Version: 1.1.1
Check: dependencies in R code
Result: NOTE
    Namespace in Imports field not imported from: ‘limSolve’
     All declared Imports should be used.
Flavors: r-devel-linux-x86_64-fedora-clang, r-devel-linux-x86_64-fedora-gcc, r-patched-solaris-x86, r-release-osx-x86_64, r-oldrel-osx-x86_64